Last updated on 2024-08-25 05:49:30 CEST.
Flavor | Version | Tinstall | Tcheck | Ttotal | Status | Flags |
---|---|---|---|---|---|---|
r-devel-linux-x86_64-debian-clang | 0.2.1 | 24.19 | 221.81 | 246.00 | NOTE | |
r-devel-linux-x86_64-debian-gcc | 0.2.1 | 17.01 | 143.69 | 160.70 | NOTE | |
r-devel-linux-x86_64-fedora-clang | 0.2.1 | 391.39 | OK | |||
r-devel-linux-x86_64-fedora-gcc | 0.2.1 | 368.97 | OK | |||
r-devel-windows-x86_64 | 0.2.1 | 23.00 | 172.00 | 195.00 | NOTE | |
r-patched-linux-x86_64 | 0.2.1 | 29.26 | 206.13 | 235.39 | OK | |
r-release-linux-x86_64 | 0.2.1 | 19.45 | 206.31 | 225.76 | OK | |
r-release-macos-arm64 | 0.2.1 | 80.00 | OK | |||
r-release-macos-x86_64 | 0.2.1 | 138.00 | OK | |||
r-release-windows-x86_64 | 0.2.1 | 21.00 | 177.00 | 198.00 | OK | |
r-oldrel-macos-arm64 | 0.2.1 | 76.00 | OK | |||
r-oldrel-macos-x86_64 | 0.2.1 | 252.00 | OK | |||
r-oldrel-windows-x86_64 | 0.2.1 | 32.00 | 228.00 | 260.00 | OK |
Version: 0.2.1
Check: Rd cross-references
Result: NOTE
Found the following Rd file(s) with Rd \link{} targets missing package
anchors:
plainView.Rd: raster, levelplot, brick
plainViewOutput.Rd: shinyWidgetOutput
Please provide package anchors for all Rd \link{} targets not in the
package itself and the base packages.
Flavors: r-devel-linux-x86_64-debian-clang, r-devel-linux-x86_64-debian-gcc, r-devel-windows-x86_64