Last updated on 2025-11-16 04:48:47 CET.
| Flavor | Version | Tinstall | Tcheck | Ttotal | Status | Flags |
|---|---|---|---|---|---|---|
| r-devel-linux-x86_64-debian-clang | 2.3.3 | 5.08 | 114.84 | 119.92 | OK | |
| r-devel-linux-x86_64-debian-gcc | 2.3.3 | 5.03 | 83.49 | 88.52 | NOTE | |
| r-devel-linux-x86_64-fedora-clang | 2.3.3 | 12.00 | 173.18 | 185.18 | OK | |
| r-devel-linux-x86_64-fedora-gcc | 2.3.3 | 15.00 | 182.68 | 197.68 | OK | |
| r-devel-windows-x86_64 | 2.3.3 | 12.00 | 115.00 | 127.00 | OK | |
| r-patched-linux-x86_64 | 2.3.3 | 6.92 | 110.41 | 117.33 | OK | |
| r-release-linux-x86_64 | 2.3.3 | 5.40 | 110.49 | 115.89 | OK | |
| r-release-macos-arm64 | 2.3.3 | 3.00 | 52.00 | 55.00 | OK | |
| r-release-macos-x86_64 | 2.3.3 | 6.00 | 98.00 | 104.00 | OK | |
| r-release-windows-x86_64 | 2.3.3 | 9.00 | 119.00 | 128.00 | OK | |
| r-oldrel-macos-arm64 | 2.3.3 | 3.00 | 54.00 | 57.00 | OK | |
| r-oldrel-macos-x86_64 | 2.3.3 | 6.00 | 108.00 | 114.00 | OK | |
| r-oldrel-windows-x86_64 | 2.3.3 | 11.00 | 142.00 | 153.00 | OK |
Version: 2.3.3
Check: CRAN incoming feasibility
Result: NOTE
Maintainer: ‘Michael C. Sachs <sachsmc@gmail.com>’
The BugReports field in DESCRIPTION has
https://github.com/sachsmc/plotROC/issues/
which should likely be
https://github.com/sachsmc/plotROC/issues/issues
instead.
Flavor: r-devel-linux-x86_64-debian-gcc