CRAN Package Check Results for Package plsdepot

Last updated on 2025-11-16 04:48:47 CET.

Flavor Version Tinstall Tcheck Ttotal Status Flags
r-devel-linux-x86_64-debian-clang 0.3.0 4.30 36.99 41.29 OK
r-devel-linux-x86_64-debian-gcc 0.3.0 2.79 28.69 31.48 NOTE
r-devel-linux-x86_64-fedora-clang 0.3.0 60.69 OK
r-devel-linux-x86_64-fedora-gcc 0.3.0 58.76 OK
r-devel-windows-x86_64 0.3.0 6.00 57.00 63.00 OK
r-patched-linux-x86_64 0.3.0 5.14 34.83 39.97 OK
r-release-linux-x86_64 0.3.0 4.42 34.66 39.08 OK
r-release-macos-arm64 0.3.0 2.00 19.00 21.00 OK
r-release-macos-x86_64 0.3.0 4.00 65.00 69.00 OK
r-release-windows-x86_64 0.3.0 5.00 60.00 65.00 OK
r-oldrel-macos-arm64 0.3.0 2.00 25.00 27.00 OK
r-oldrel-macos-x86_64 0.3.0 4.00 51.00 55.00 OK
r-oldrel-windows-x86_64 0.3.0 4.00 64.00 68.00 OK

Check Details

Version: 0.3.0
Check: CRAN incoming feasibility
Result: NOTE Maintainer: ‘Frederic Bertrand <frederic.bertrand@lecnam.net>’ The BugReports field in DESCRIPTION has https://github.com/gastonstat/plsdepot/issues/ which should likely be https://github.com/gastonstat/plsdepot/issues/issues instead. Flavor: r-devel-linux-x86_64-debian-gcc