Last updated on 2024-08-25 05:49:30 CEST.
Flavor | Version | Tinstall | Tcheck | Ttotal | Status | Flags |
---|---|---|---|---|---|---|
r-devel-linux-x86_64-debian-clang | 0.1.0 | 2.19 | 19.33 | 21.52 | OK | |
r-devel-linux-x86_64-debian-gcc | 0.1.0 | 1.71 | 15.85 | 17.56 | OK | |
r-devel-linux-x86_64-fedora-clang | 0.1.0 | 34.47 | NOTE | |||
r-devel-linux-x86_64-fedora-gcc | 0.1.0 | 32.76 | NOTE | |||
r-devel-windows-x86_64 | 0.1.0 | 3.00 | 44.00 | 47.00 | OK | |
r-patched-linux-x86_64 | 0.1.0 | 2.08 | 18.73 | 20.81 | OK | |
r-release-linux-x86_64 | 0.1.0 | 2.02 | 18.87 | 20.89 | OK | |
r-release-macos-arm64 | 0.1.0 | 16.00 | OK | |||
r-release-macos-x86_64 | 0.1.0 | 22.00 | OK | |||
r-release-windows-x86_64 | 0.1.0 | 3.00 | 43.00 | 46.00 | OK | |
r-oldrel-macos-arm64 | 0.1.0 | 16.00 | OK | |||
r-oldrel-macos-x86_64 | 0.1.0 | 21.00 | OK | |||
r-oldrel-windows-x86_64 | 0.1.0 | 4.00 | 44.00 | 48.00 | OK |
Version: 0.1.0
Check: data for non-ASCII characters
Result: NOTE
Note: found 805 marked Latin-1 strings
Note: found 12681 marked UTF-8 strings
Flavors: r-devel-linux-x86_64-fedora-clang, r-devel-linux-x86_64-fedora-gcc