Last updated on 2025-02-21 04:51:59 CET.
Flavor | Version | Tinstall | Tcheck | Ttotal | Status | Flags |
---|---|---|---|---|---|---|
r-devel-linux-x86_64-debian-clang | 0.6-4 | 3.11 | 39.16 | 42.27 | NOTE | |
r-devel-linux-x86_64-debian-gcc | 0.6-4 | 2.66 | 29.75 | 32.41 | NOTE | |
r-devel-linux-x86_64-fedora-clang | 0.6-4 | 68.10 | NOTE | |||
r-devel-linux-x86_64-fedora-gcc | 0.6-4 | 77.77 | NOTE | |||
r-devel-macos-arm64 | 0.6-4 | 34.00 | NOTE | |||
r-devel-macos-x86_64 | 0.6-4 | 60.00 | NOTE | |||
r-devel-windows-x86_64 | 0.6-4 | 5.00 | 93.00 | 98.00 | NOTE | |
r-patched-linux-x86_64 | 0.6-4 | 4.65 | 37.49 | 42.14 | NOTE | |
r-release-linux-x86_64 | 0.6-4 | 3.45 | 37.51 | 40.96 | NOTE | |
r-release-macos-arm64 | 0.6-4 | 31.00 | NOTE | |||
r-release-macos-x86_64 | 0.6-4 | 48.00 | NOTE | |||
r-release-windows-x86_64 | 0.6-4 | 5.00 | 89.00 | 94.00 | NOTE | |
r-oldrel-macos-arm64 | 0.6-4 | 34.00 | OK | |||
r-oldrel-macos-x86_64 | 0.6-4 | 48.00 | OK | |||
r-oldrel-windows-x86_64 | 0.6-4 | 5.00 | 83.00 | 88.00 | OK |
Version: 0.6-4
Check: Rd files
Result: NOTE
checkRd: (-1) calculateDIC.Rd:30-31: Lost braces in \itemize; meant \describe ?
checkRd: (-1) calculateDIC.Rd:32-33: Lost braces in \itemize; meant \describe ?
checkRd: (-1) polySegratioMM-package.Rd:70-72: Lost braces in \itemize; meant \describe ?
Flavors: r-devel-linux-x86_64-debian-clang, r-devel-linux-x86_64-debian-gcc, r-devel-linux-x86_64-fedora-clang, r-devel-linux-x86_64-fedora-gcc, r-devel-macos-arm64, r-devel-macos-x86_64, r-devel-windows-x86_64, r-patched-linux-x86_64, r-release-linux-x86_64, r-release-macos-arm64, r-release-macos-x86_64, r-release-windows-x86_64
Version: 0.6-4
Check: for non-standard things in the check directory
Result: NOTE
Found the following files/directories:
‘test-data.R’ ‘test-inits.R’ ‘test.bug’ ‘test.cmd’
Flavors: r-devel-linux-x86_64-debian-clang, r-devel-linux-x86_64-debian-gcc, r-devel-linux-x86_64-fedora-clang, r-devel-linux-x86_64-fedora-gcc, r-patched-linux-x86_64, r-release-linux-x86_64