Last updated on 2025-11-16 04:48:48 CET.
| Flavor | Version | Tinstall | Tcheck | Ttotal | Status | Flags |
|---|---|---|---|---|---|---|
| r-devel-linux-x86_64-debian-clang | 0.8.0 | 3.07 | 31.81 | 34.88 | NOTE | |
| r-devel-linux-x86_64-debian-gcc | 0.8.0 | 2.46 | 25.47 | 27.93 | NOTE | |
| r-devel-linux-x86_64-fedora-clang | 0.8.0 | 54.99 | OK | |||
| r-devel-linux-x86_64-fedora-gcc | 0.8.0 | 65.46 | OK | |||
| r-devel-windows-x86_64 | 0.8.0 | 7.00 | 50.00 | 57.00 | OK | |
| r-patched-linux-x86_64 | 0.8.0 | 3.49 | 29.98 | 33.47 | OK | |
| r-release-linux-x86_64 | 0.8.0 | 3.11 | 30.27 | 33.38 | OK | |
| r-release-macos-arm64 | 0.8.0 | 2.00 | 24.00 | 26.00 | OK | |
| r-release-macos-x86_64 | 0.8.0 | 3.00 | 51.00 | 54.00 | OK | |
| r-release-windows-x86_64 | 0.8.0 | 6.00 | 51.00 | 57.00 | OK | |
| r-oldrel-macos-arm64 | 0.8.0 | 2.00 | 28.00 | 30.00 | OK | |
| r-oldrel-macos-x86_64 | 0.8.0 | 3.00 | 55.00 | 58.00 | OK | |
| r-oldrel-windows-x86_64 | 0.8.0 | 6.00 | 57.00 | 63.00 | OK |
Version: 0.8.0
Check: CRAN incoming feasibility
Result: NOTE
Maintainer: ‘Norm Matloff <matloff@cs.ucdavis.edu>’
The Description field contains
Matloff, and Pete Mohanty (<arXiv:1806.06850>).
Please refer to arXiv e-prints via their arXiv DOI <doi:10.48550/arXiv.YYMM.NNNNN>.
Flavors: r-devel-linux-x86_64-debian-clang, r-devel-linux-x86_64-debian-gcc