Last updated on 2025-11-16 04:48:48 CET.
| Flavor | Version | Tinstall | Tcheck | Ttotal | Status | Flags |
|---|---|---|---|---|---|---|
| r-devel-linux-x86_64-debian-clang | 1.0.0 | 8.87 | 185.96 | 194.83 | NOTE | |
| r-devel-linux-x86_64-debian-gcc | 1.0.0 | 5.75 | 133.34 | 139.09 | NOTE | |
| r-devel-linux-x86_64-fedora-clang | 1.0.0 | 20.00 | 268.02 | 288.02 | OK | |
| r-devel-linux-x86_64-fedora-gcc | 1.0.0 | 40.00 | 301.11 | 341.11 | OK | |
| r-devel-windows-x86_64 | 1.0.0 | 17.00 | 202.00 | 219.00 | NOTE | |
| r-patched-linux-x86_64 | 1.0.0 | 10.84 | 184.89 | 195.73 | NOTE | |
| r-release-linux-x86_64 | 1.0.0 | 7.20 | 179.66 | 186.86 | NOTE | |
| r-release-macos-arm64 | 1.0.0 | 4.00 | 85.00 | 89.00 | OK | |
| r-release-macos-x86_64 | 1.0.0 | 8.00 | 170.00 | 178.00 | OK | |
| r-release-windows-x86_64 | 1.0.0 | 13.00 | 206.00 | 219.00 | NOTE | |
| r-oldrel-macos-arm64 | 1.0.0 | 4.00 | 79.00 | 83.00 | NOTE | |
| r-oldrel-macos-x86_64 | 1.0.0 | 7.00 | 135.00 | 142.00 | NOTE | |
| r-oldrel-windows-x86_64 | 1.0.0 | 17.00 | 247.00 | 264.00 | NOTE |
Version: 1.0.0
Check: Rd cross-references
Result: NOTE
Found the following Rd file(s) with Rd \link{} targets missing package
anchors:
forceLocus.Rd: forcePool
Please provide package anchors for all Rd \link{} targets not in the
package itself and the base packages.
Flavors: r-devel-linux-x86_64-debian-clang, r-devel-linux-x86_64-debian-gcc, r-devel-windows-x86_64, r-patched-linux-x86_64, r-release-linux-x86_64, r-release-windows-x86_64
Version: 1.0.0
Check: installed package size
Result: NOTE
installed size is 7.0Mb
sub-directories of 1Mb or more:
data 2.7Mb
extdata 3.5Mb
Flavors: r-oldrel-macos-arm64, r-oldrel-macos-x86_64, r-oldrel-windows-x86_64