Last updated on 2024-08-25 05:49:30 CEST.
Flavor | Version | Tinstall | Tcheck | Ttotal | Status | Flags |
---|---|---|---|---|---|---|
r-devel-linux-x86_64-debian-clang | 1.0.2 | 4.42 | 39.34 | 43.76 | OK | |
r-devel-linux-x86_64-debian-gcc | 1.0.2 | 3.50 | 28.95 | 32.45 | OK | |
r-devel-linux-x86_64-fedora-clang | 1.0.2 | 77.01 | NOTE | |||
r-devel-linux-x86_64-fedora-gcc | 1.0.2 | 66.14 | NOTE | |||
r-devel-windows-x86_64 | 1.0.2 | 6.00 | 63.00 | 69.00 | OK | |
r-patched-linux-x86_64 | 1.0.2 | 4.71 | 37.42 | 42.13 | OK | |
r-release-linux-x86_64 | 1.0.2 | 4.96 | 37.54 | 42.50 | OK | |
r-release-macos-arm64 | 1.0.2 | 27.00 | OK | |||
r-release-macos-x86_64 | 1.0.2 | 57.00 | OK | |||
r-release-windows-x86_64 | 1.0.2 | 6.00 | 60.00 | 66.00 | OK | |
r-oldrel-macos-arm64 | 1.0.2 | 35.00 | OK | |||
r-oldrel-macos-x86_64 | 1.0.2 | 50.00 | OK | |||
r-oldrel-windows-x86_64 | 1.0.2 | 7.00 | 68.00 | 75.00 | OK |
Version: 1.0.2
Check: data for non-ASCII characters
Result: NOTE
Note: found 165 marked UTF-8 strings
Flavors: r-devel-linux-x86_64-fedora-clang, r-devel-linux-x86_64-fedora-gcc