CRAN Package Check Results for Package projpred

Last updated on 2025-11-16 04:48:48 CET.

Flavor Version Tinstall Tcheck Ttotal Status Flags
r-devel-linux-x86_64-debian-clang 2.9.1 35.04 328.30 363.34 OK
r-devel-linux-x86_64-debian-gcc 2.9.1 24.26 208.88 233.14 NOTE
r-devel-linux-x86_64-fedora-clang 2.9.1 337.00 328.54 665.54 OK
r-devel-linux-x86_64-fedora-gcc 2.9.1 88.00 492.89 580.89 OK
r-devel-windows-x86_64 2.9.1 50.00 307.00 357.00 OK
r-patched-linux-x86_64 2.9.1 39.46 322.63 362.09 OK
r-release-linux-x86_64 2.9.1 35.17 315.74 350.91 OK
r-release-macos-arm64 2.9.1 15.00 124.00 139.00 OK
r-release-macos-x86_64 2.9.1 54.00 497.00 551.00 OK
r-release-windows-x86_64 2.9.1 43.00 310.00 353.00 OK
r-oldrel-macos-arm64 2.9.1 13.00 126.00 139.00 NOTE
r-oldrel-macos-x86_64 2.9.1 49.00 497.00 546.00 NOTE
r-oldrel-windows-x86_64 2.9.1 54.00 426.00 480.00 NOTE

Check Details

Version: 2.9.1
Check: CRAN incoming feasibility
Result: NOTE Maintainer: ‘Osvaldo Martin <aloctavodia@gmail.com>’ The BugReports field in DESCRIPTION has https://github.com/stan-dev/projpred/issues/ which should likely be https://github.com/stan-dev/projpred/issues/issues instead. Flavor: r-devel-linux-x86_64-debian-gcc

Version: 2.9.1
Check: package dependencies
Result: NOTE Package suggested but not available for checking: ‘cmdstanr’ Flavors: r-oldrel-macos-arm64, r-oldrel-macos-x86_64

Version: 2.9.1
Check: package dependencies
Result: NOTE Packages suggested but not available for checking: 'unix', 'cmdstanr' Flavor: r-oldrel-windows-x86_64