Last updated on 2025-11-16 04:48:48 CET.
| Flavor | Version | Tinstall | Tcheck | Ttotal | Status | Flags |
|---|---|---|---|---|---|---|
| r-devel-linux-x86_64-debian-clang | 0.7.9 | 31.96 | 93.54 | 125.50 | OK | |
| r-devel-linux-x86_64-debian-gcc | 0.7.9 | 23.10 | 71.58 | 94.68 | OK | |
| r-devel-linux-x86_64-fedora-clang | 0.7.9 | 74.00 | 123.91 | 197.91 | OK | |
| r-devel-linux-x86_64-fedora-gcc | 0.7.9 | 62.00 | 151.88 | 213.88 | OK | |
| r-devel-windows-x86_64 | 0.7.9 | 43.00 | 189.00 | 232.00 | OK | |
| r-patched-linux-x86_64 | 0.7.9 | 35.58 | 90.55 | 126.13 | OK | |
| r-release-linux-x86_64 | 0.7.9 | 33.63 | 90.19 | 123.82 | OK | |
| r-release-macos-arm64 | 0.7.9 | 13.00 | 73.00 | 86.00 | OK | |
| r-release-macos-x86_64 | 0.7.9 | 16.00 | 146.00 | 162.00 | OK | |
| r-release-windows-x86_64 | 0.7.9 | 36.00 | 211.00 | 247.00 | OK | |
| r-oldrel-macos-arm64 | 0.7.9 | 14.00 | 56.00 | 70.00 | NOTE | |
| r-oldrel-macos-x86_64 | 0.7.9 | 15.00 | 129.00 | 144.00 | NOTE | |
| r-oldrel-windows-x86_64 | 0.7.9 | 36.00 | 203.00 | 239.00 | OK |
Version: 0.7.9
Check: installed package size
Result: NOTE
installed size is 6.6Mb
sub-directories of 1Mb or more:
data 2.3Mb
libs 3.2Mb
Flavors: r-oldrel-macos-arm64, r-oldrel-macos-x86_64