Last updated on 2024-08-25 05:49:30 CEST.
Flavor | Version | Tinstall | Tcheck | Ttotal | Status | Flags |
---|---|---|---|---|---|---|
r-devel-linux-x86_64-debian-clang | 1.1.4 | 15.43 | 136.31 | 151.74 | OK | |
r-devel-linux-x86_64-debian-gcc | 1.1.4 | 14.61 | 99.57 | 114.18 | OK | |
r-devel-linux-x86_64-fedora-clang | 1.1.4 | 249.78 | NOTE | |||
r-devel-linux-x86_64-fedora-gcc | 1.1.4 | 235.09 | OK | |||
r-devel-windows-x86_64 | 1.1.4 | 19.00 | 129.00 | 148.00 | OK | |
r-patched-linux-x86_64 | 1.1.4 | 15.95 | 127.31 | 143.26 | OK | |
r-release-linux-x86_64 | 1.1.4 | 17.14 | 129.65 | 146.79 | OK | |
r-release-macos-arm64 | 1.1.4 | 65.00 | OK | |||
r-release-macos-x86_64 | 1.1.4 | 96.00 | OK | |||
r-release-windows-x86_64 | 1.1.4 | 18.00 | 128.00 | 146.00 | OK | |
r-oldrel-macos-arm64 | 1.1.4 | 71.00 | OK | |||
r-oldrel-macos-x86_64 | 1.1.4 | 164.00 | OK | |||
r-oldrel-windows-x86_64 | 1.1.4 | 25.00 | 164.00 | 189.00 | OK |
Version: 1.1.4
Check: package dependencies
Result: NOTE
Imports includes 22 non-default packages.
Importing from so many packages makes the package vulnerable to any of
them becoming unavailable. Move as many as possible to Suggests and
use conditionally.
Flavor: r-devel-linux-x86_64-fedora-clang