Last updated on 2025-02-21 04:52:00 CET.
Flavor | Version | Tinstall | Tcheck | Ttotal | Status | Flags |
---|---|---|---|---|---|---|
r-devel-linux-x86_64-debian-clang | 0.0.4.0 | 13.64 | 121.26 | 134.90 | OK | |
r-devel-linux-x86_64-debian-gcc | 0.0.4.0 | 8.91 | 85.78 | 94.69 | OK | |
r-devel-linux-x86_64-fedora-clang | 0.0.4.0 | 236.54 | OK | |||
r-devel-linux-x86_64-fedora-gcc | 0.0.4.0 | 242.34 | OK | |||
r-devel-macos-arm64 | 0.0.4.0 | 70.00 | OK | |||
r-devel-macos-x86_64 | 0.0.4.0 | 135.00 | OK | |||
r-devel-windows-x86_64 | 0.0.4.0 | 17.00 | 154.00 | 171.00 | OK | |
r-patched-linux-x86_64 | 0.0.4.0 | 15.59 | 116.42 | 132.01 | NOTE | |
r-release-linux-x86_64 | 0.0.4.0 | 13.34 | 114.12 | 127.46 | NOTE | |
r-release-macos-arm64 | 0.0.4.0 | 71.00 | NOTE | |||
r-release-macos-x86_64 | 0.0.4.0 | 145.00 | NOTE | |||
r-release-windows-x86_64 | 0.0.4.0 | 19.00 | 156.00 | 175.00 | NOTE | |
r-oldrel-macos-arm64 | 0.0.3.4 | 84.00 | NOTE | |||
r-oldrel-macos-x86_64 | 0.0.4.0 | 186.00 | NOTE | |||
r-oldrel-windows-x86_64 | 0.0.4.0 | 22.00 | 187.00 | 209.00 | NOTE |
Version: 0.0.4.0
Check: package dependencies
Result: NOTE
Package suggested but not available for checking: ‘cmdstanr’
Flavors: r-patched-linux-x86_64, r-release-linux-x86_64, r-release-macos-arm64, r-release-macos-x86_64, r-release-windows-x86_64, r-oldrel-macos-x86_64, r-oldrel-windows-x86_64
Version: 0.0.4.0
Check: installed package size
Result: NOTE
installed size is 5.4Mb
sub-directories of 1Mb or more:
doc 3.9Mb
Flavors: r-release-macos-arm64, r-release-macos-x86_64, r-release-windows-x86_64, r-oldrel-macos-x86_64, r-oldrel-windows-x86_64
Version: 0.0.3.4
Check: package dependencies
Result: NOTE
Package suggested but not available for checking: ‘cmdstanr’
Flavor: r-oldrel-macos-arm64