Last updated on 2025-11-16 04:48:48 CET.
| Flavor | Version | Tinstall | Tcheck | Ttotal | Status | Flags |
|---|---|---|---|---|---|---|
| r-devel-linux-x86_64-debian-clang | 1.4.0 | 27.40 | 297.52 | 324.92 | OK | |
| r-devel-linux-x86_64-debian-gcc | 1.4.0 | 19.24 | 204.47 | 223.71 | NOTE | |
| r-devel-linux-x86_64-fedora-clang | 1.4.0 | 59.00 | 456.54 | 515.54 | OK | |
| r-devel-linux-x86_64-fedora-gcc | 1.4.0 | 122.00 | 421.03 | 543.03 | OK | |
| r-devel-windows-x86_64 | 1.4.0 | 34.00 | 277.00 | 311.00 | OK | |
| r-patched-linux-x86_64 | 1.4.0 | 28.31 | 283.60 | 311.91 | OK | |
| r-release-linux-x86_64 | 1.4.0 | 26.96 | 280.77 | 307.73 | OK | |
| r-release-macos-arm64 | 1.4.0 | 11.00 | 113.00 | 124.00 | OK | |
| r-release-macos-x86_64 | 1.4.0 | 26.00 | 223.00 | 249.00 | OK | |
| r-release-windows-x86_64 | 1.4.0 | 29.00 | 273.00 | 302.00 | OK | |
| r-oldrel-macos-arm64 | 1.4.0 | 11.00 | 107.00 | 118.00 | OK | |
| r-oldrel-macos-x86_64 | 1.4.0 | 17.00 | 171.00 | 188.00 | OK | |
| r-oldrel-windows-x86_64 | 1.4.0 | 41.00 | 366.00 | 407.00 | OK |
Version: 1.4.0
Check: CRAN incoming feasibility
Result: NOTE
Maintainer: ‘Martijn Heymans <mw.heymans@amsterdamumc.nl>’
The BugReports field in DESCRIPTION has
https://github.com/mwheymans/psfmi/issues/
which should likely be
https://github.com/mwheymans/psfmi/issues/issues
instead.
Flavor: r-devel-linux-x86_64-debian-gcc