Last updated on 2025-10-25 05:50:13 CEST.
| Flavor | Version | Tinstall | Tcheck | Ttotal | Status | Flags |
|---|---|---|---|---|---|---|
| r-devel-linux-x86_64-debian-clang | 0.1.4 | 1.93 | 27.96 | 29.89 | OK | |
| r-devel-linux-x86_64-debian-gcc | 0.1.4 | 1.69 | 22.59 | 24.28 | OK | |
| r-devel-linux-x86_64-fedora-clang | 0.1.4 | 44.40 | OK | |||
| r-devel-linux-x86_64-fedora-gcc | 0.1.4 | 59.71 | OK | |||
| r-devel-windows-x86_64 | 0.1.4 | 4.00 | 47.00 | 51.00 | OK | |
| r-patched-linux-x86_64 | 0.1.4 | 2.13 | 25.79 | 27.92 | OK | |
| r-release-linux-x86_64 | 0.1.4 | 1.91 | 25.95 | 27.86 | OK | |
| r-release-macos-arm64 | 0.1.4 | 1.00 | 28.00 | 29.00 | OK | |
| r-release-macos-x86_64 | 0.1.4 | 3.00 | 72.00 | 75.00 | OK | |
| r-release-windows-x86_64 | 0.1.4 | 5.00 | 49.00 | 54.00 | OK | |
| r-oldrel-macos-arm64 | 0.1.4 | 1.00 | 23.00 | 24.00 | NOTE | |
| r-oldrel-macos-x86_64 | 0.1.4 | 2.00 | 60.00 | 62.00 | NOTE | |
| r-oldrel-windows-x86_64 | 0.1.4 | 5.00 | 56.00 | 61.00 | NOTE |
Version: 0.1.4
Check: LazyData
Result: NOTE
'LazyData' is specified without a 'data' directory
Flavors: r-oldrel-macos-arm64, r-oldrel-macos-x86_64, r-oldrel-windows-x86_64