Last updated on 2025-02-22 04:51:24 CET.
Flavor | Version | Tinstall | Tcheck | Ttotal | Status | Flags |
---|---|---|---|---|---|---|
r-devel-linux-x86_64-debian-clang | 0.1.2 | 4.63 | 61.57 | 66.20 | NOTE | |
r-devel-linux-x86_64-debian-gcc | 0.1.2 | 3.36 | 44.00 | 47.36 | NOTE | |
r-devel-linux-x86_64-fedora-clang | 0.1.2 | 110.07 | OK | |||
r-devel-linux-x86_64-fedora-gcc | 0.1.2 | 116.15 | OK | |||
r-devel-macos-arm64 | 0.1.2 | 44.00 | OK | |||
r-devel-macos-x86_64 | 0.1.2 | 72.00 | OK | |||
r-devel-windows-x86_64 | 0.1.2 | 6.00 | 77.00 | 83.00 | NOTE | |
r-patched-linux-x86_64 | 0.1.2 | 12.22 | 58.93 | 71.15 | OK | |
r-release-linux-x86_64 | 0.1.2 | 4.61 | 57.63 | 62.24 | OK | |
r-release-macos-arm64 | 0.1.2 | 38.00 | OK | |||
r-release-macos-x86_64 | 0.1.2 | 56.00 | OK | |||
r-release-windows-x86_64 | 0.1.2 | 6.00 | 79.00 | 85.00 | OK | |
r-oldrel-macos-arm64 | 0.1.2 | 41.00 | OK | |||
r-oldrel-macos-x86_64 | 0.1.2 | 61.00 | OK | |||
r-oldrel-windows-x86_64 | 0.1.2 | 7.00 | 91.00 | 98.00 | OK |
Version: 0.1.2
Check: Rd cross-references
Result: NOTE
Found the following Rd file(s) with Rd \link{} targets missing package
anchors:
as_MonoClust.PULS.Rd: monoClust
Please provide package anchors for all Rd \link{} targets not in the
package itself and the base packages.
Flavors: r-devel-linux-x86_64-debian-clang, r-devel-linux-x86_64-debian-gcc, r-devel-windows-x86_64