Last updated on 2025-11-16 04:48:48 CET.
| Flavor | Version | Tinstall | Tcheck | Ttotal | Status | Flags |
|---|---|---|---|---|---|---|
| r-devel-linux-x86_64-debian-clang | 1.4 | 13.97 | 40.93 | 54.90 | NOTE | |
| r-devel-linux-x86_64-debian-gcc | 1.4 | 9.18 | 32.47 | 41.65 | NOTE | |
| r-devel-linux-x86_64-fedora-clang | 1.4 | 31.00 | 62.36 | 93.36 | OK | |
| r-devel-linux-x86_64-fedora-gcc | 1.4 | 33.00 | 67.68 | 100.68 | OK | |
| r-devel-windows-x86_64 | 1.4 | 28.00 | 86.00 | 114.00 | OK | |
| r-patched-linux-x86_64 | 1.4 | 14.45 | 38.76 | 53.21 | OK | |
| r-release-linux-x86_64 | 1.4 | 13.88 | 39.34 | 53.22 | OK | |
| r-release-macos-arm64 | 1.4 | 6.00 | 28.00 | 34.00 | OK | |
| r-release-macos-x86_64 | 1.4 | 14.00 | 82.00 | 96.00 | OK | |
| r-release-windows-x86_64 | 1.4 | 30.00 | 83.00 | 113.00 | OK | |
| r-oldrel-macos-arm64 | 1.4 | 8.00 | 27.00 | 35.00 | OK | |
| r-oldrel-macos-x86_64 | 1.4 | 16.00 | 57.00 | 73.00 | OK | |
| r-oldrel-windows-x86_64 | 1.4 | 25.00 | 99.00 | 124.00 | OK |
Version: 1.4
Check: CRAN incoming feasibility
Result: NOTE
Maintainer: ‘Richèl J.C. Bilderbeek <richel@richelbilderbeek.nl>’
The BugReports field in DESCRIPTION has
https://github.com/richelbilderbeek/pureseqtmr/
which should likely be
https://github.com/richelbilderbeek/pureseqtmr/issues
instead.
Flavors: r-devel-linux-x86_64-debian-clang, r-devel-linux-x86_64-debian-gcc