Last updated on 2025-02-22 04:51:24 CET.
Flavor | Version | Tinstall | Tcheck | Ttotal | Status | Flags |
---|---|---|---|---|---|---|
r-devel-linux-x86_64-debian-clang | 0.5.8 | 6.34 | 70.56 | 76.90 | NOTE | |
r-devel-linux-x86_64-debian-gcc | 0.5.8 | 4.11 | 53.24 | 57.35 | NOTE | |
r-devel-linux-x86_64-fedora-clang | 0.5.8 | 121.40 | OK | |||
r-devel-linux-x86_64-fedora-gcc | 0.5.8 | 129.37 | OK | |||
r-devel-macos-arm64 | 0.5.8 | 43.00 | OK | |||
r-devel-macos-x86_64 | 0.5.8 | 84.00 | OK | |||
r-devel-windows-x86_64 | 0.5.8 | 8.00 | 78.00 | 86.00 | NOTE | |
r-patched-linux-x86_64 | 0.5.8 | 5.55 | 65.37 | 70.92 | OK | |
r-release-linux-x86_64 | 0.5.8 | 6.06 | 65.73 | 71.79 | OK | |
r-release-macos-arm64 | 0.5.8 | 40.00 | OK | |||
r-release-macos-x86_64 | 0.5.8 | 60.00 | OK | |||
r-release-windows-x86_64 | 0.5.8 | 8.00 | 78.00 | 86.00 | OK | |
r-oldrel-macos-arm64 | 0.5.8 | 46.00 | OK | |||
r-oldrel-macos-x86_64 | 0.5.8 | 63.00 | OK | |||
r-oldrel-windows-x86_64 | 0.5.8 | 10.00 | 89.00 | 99.00 | OK |
Version: 0.5.8
Check: Rd cross-references
Result: NOTE
Found the following Rd file(s) with Rd \link{} targets missing package
anchors:
trc.Rd: xyplot, lattice
Please provide package anchors for all Rd \link{} targets not in the
package itself and the base packages.
Flavors: r-devel-linux-x86_64-debian-clang, r-devel-linux-x86_64-debian-gcc, r-devel-windows-x86_64