Last updated on 2024-08-25 05:49:31 CEST.
Flavor | Version | Tinstall | Tcheck | Ttotal | Status | Flags |
---|---|---|---|---|---|---|
r-devel-linux-x86_64-debian-clang | 2.3 | 12.63 | 87.16 | 99.79 | OK | |
r-devel-linux-x86_64-debian-gcc | 2.3 | 9.12 | 67.08 | 76.20 | OK | |
r-devel-linux-x86_64-fedora-clang | 2.3 | 179.21 | NOTE | |||
r-devel-linux-x86_64-fedora-gcc | 2.3 | 156.08 | OK | |||
r-devel-windows-x86_64 | 2.3 | 11.00 | 92.00 | 103.00 | OK | |
r-patched-linux-x86_64 | 2.3 | 10.68 | 82.45 | 93.13 | OK | |
r-release-linux-x86_64 | 2.3 | 11.60 | 84.27 | 95.87 | OK | |
r-release-macos-arm64 | 2.3 | 84.00 | OK | |||
r-release-macos-x86_64 | 2.3 | 99.00 | OK | |||
r-release-windows-x86_64 | 2.3 | 11.00 | 93.00 | 104.00 | OK | |
r-oldrel-macos-arm64 | 2.3 | 52.00 | OK | |||
r-oldrel-macos-x86_64 | 2.3 | 95.00 | OK | |||
r-oldrel-windows-x86_64 | 2.3 | 13.00 | 102.00 | 115.00 | OK |
Version: 2.3
Check: Rd cross-references
Result: NOTE
Undeclared package ‘qrNLMM’ in Rd xrefs
Flavor: r-devel-linux-x86_64-fedora-clang