CRAN Package Check Results for Package quadtree

Last updated on 2025-11-16 04:48:49 CET.

Flavor Version Tinstall Tcheck Ttotal Status Flags
r-devel-linux-x86_64-debian-clang 0.1.14 80.75 286.83 367.58 NOTE
r-devel-linux-x86_64-debian-gcc 0.1.14 59.02 187.84 246.86 NOTE
r-devel-linux-x86_64-fedora-clang 0.1.14 170.00 440.37 610.37 NOTE
r-devel-linux-x86_64-fedora-gcc 0.1.14 190.00 442.92 632.92 NOTE
r-devel-windows-x86_64 0.1.14 99.00 268.00 367.00 NOTE
r-patched-linux-x86_64 0.1.14 95.56 282.02 377.58 NOTE
r-release-linux-x86_64 0.1.14 84.68 277.97 362.65 NOTE
r-release-macos-arm64 0.1.14 34.00 122.00 156.00 NOTE
r-release-macos-x86_64 0.1.14 47.00 231.00 278.00 NOTE
r-release-windows-x86_64 0.1.14 86.00 269.00 355.00 NOTE
r-oldrel-macos-arm64 0.1.14 34.00 105.00 139.00 NOTE
r-oldrel-macos-x86_64 0.1.14 37.00 167.00 204.00 NOTE
r-oldrel-windows-x86_64 0.1.14 118.00 366.00 484.00 NOTE

Check Details

Version: 0.1.14
Check: Rd files
Result: NOTE checkRd: (-1) find_lcp.Rd:60: Lost braces in \itemize; \value handles \item{}{} directly checkRd: (-1) find_lcp.Rd:61: Lost braces in \itemize; \value handles \item{}{} directly checkRd: (-1) find_lcp.Rd:62: Lost braces in \itemize; \value handles \item{}{} directly checkRd: (-1) find_lcp.Rd:63-65: Lost braces in \itemize; \value handles \item{}{} directly checkRd: (-1) find_lcp.Rd:66: Lost braces in \itemize; \value handles \item{}{} directly checkRd: (-1) find_lcp.Rd:67: Lost braces in \itemize; \value handles \item{}{} directly checkRd: (-1) summarize_lcps.Rd:17: Lost braces in \itemize; \value handles \item{}{} directly checkRd: (-1) summarize_lcps.Rd:18-19: Lost braces in \itemize; \value handles \item{}{} directly checkRd: (-1) summarize_lcps.Rd:20: Lost braces in \itemize; \value handles \item{}{} directly checkRd: (-1) summarize_lcps.Rd:21: Lost braces in \itemize; \value handles \item{}{} directly checkRd: (-1) summarize_lcps.Rd:22: Lost braces in \itemize; \value handles \item{}{} directly checkRd: (-1) summarize_lcps.Rd:23-25: Lost braces in \itemize; \value handles \item{}{} directly Flavors: r-devel-linux-x86_64-debian-clang, r-devel-linux-x86_64-debian-gcc, r-devel-linux-x86_64-fedora-clang, r-devel-linux-x86_64-fedora-gcc, r-devel-windows-x86_64, r-patched-linux-x86_64, r-release-linux-x86_64, r-release-macos-arm64, r-release-macos-x86_64, r-release-windows-x86_64, r-oldrel-macos-arm64, r-oldrel-macos-x86_64, r-oldrel-windows-x86_64

Version: 0.1.14
Check: CRAN incoming feasibility
Result: NOTE Maintainer: ‘Derek Friend <dafriend.R@gmail.com>’ The BugReports field in DESCRIPTION has https://github.com/dfriend21/quadtree/issues/ which should likely be https://github.com/dfriend21/quadtree/issues/issues instead. Flavor: r-devel-linux-x86_64-debian-gcc

Version: 0.1.14
Check: installed package size
Result: NOTE installed size is 10.9Mb sub-directories of 1Mb or more: doc 1.7Mb libs 8.3Mb Flavors: r-oldrel-macos-arm64, r-oldrel-macos-x86_64