Last updated on 2025-02-21 04:52:00 CET.
Flavor | Version | Tinstall | Tcheck | Ttotal | Status | Flags |
---|---|---|---|---|---|---|
r-devel-linux-x86_64-debian-clang | 0.2 | 2.88 | 34.09 | 36.97 | OK | |
r-devel-linux-x86_64-debian-gcc | 0.2 | 2.38 | 28.86 | 31.24 | OK | |
r-devel-linux-x86_64-fedora-clang | 0.2 | 57.55 | NOTE | |||
r-devel-linux-x86_64-fedora-gcc | 0.2 | 70.41 | NOTE | |||
r-devel-macos-arm64 | 0.2 | 30.00 | OK | |||
r-devel-macos-x86_64 | 0.2 | 51.00 | OK | |||
r-devel-windows-x86_64 | 0.2 | 5.00 | 58.00 | 63.00 | OK | |
r-patched-linux-x86_64 | 0.2 | 3.26 | 33.18 | 36.44 | OK | |
r-release-linux-x86_64 | 0.2 | 2.49 | 33.17 | 35.66 | OK | |
r-release-macos-arm64 | 0.2 | 27.00 | OK | |||
r-release-macos-x86_64 | 0.2 | 38.00 | OK | |||
r-release-windows-x86_64 | 0.2 | 4.00 | 56.00 | 60.00 | OK | |
r-oldrel-macos-arm64 | 0.2 | 33.00 | OK | |||
r-oldrel-macos-x86_64 | 0.2 | 53.00 | OK | |||
r-oldrel-windows-x86_64 | 0.2 | 5.00 | 65.00 | 70.00 | OK |
Version: 0.2
Check: dependencies in R code
Result: NOTE
Namespace in Imports field not imported from: ‘utils’
All declared Imports should be used.
Flavors: r-devel-linux-x86_64-fedora-clang, r-devel-linux-x86_64-fedora-gcc