Last updated on 2025-02-22 04:51:24 CET.
Flavor | Version | Tinstall | Tcheck | Ttotal | Status | Flags |
---|---|---|---|---|---|---|
r-devel-linux-x86_64-debian-clang | 1.1.1 | 1.92 | 24.54 | 26.46 | NOTE | |
r-devel-linux-x86_64-debian-gcc | 1.1.1 | 1.56 | 18.95 | 20.51 | NOTE | |
r-devel-linux-x86_64-fedora-clang | 1.1.1 | 41.43 | NOTE | |||
r-devel-linux-x86_64-fedora-gcc | 1.1.1 | 40.14 | NOTE | |||
r-devel-macos-arm64 | 1.1.1 | 16.00 | OK | |||
r-devel-macos-x86_64 | 1.1.1 | 29.00 | OK | |||
r-devel-windows-x86_64 | 1.1.1 | 4.00 | 46.00 | 50.00 | OK | |
r-patched-linux-x86_64 | 1.1.1 | 2.01 | 23.21 | 25.22 | NOTE | |
r-release-linux-x86_64 | 1.1.1 | 1.88 | 23.21 | 25.09 | NOTE | |
r-release-macos-arm64 | 1.1.1 | 17.00 | OK | |||
r-release-macos-x86_64 | 1.1.1 | 23.00 | OK | |||
r-release-windows-x86_64 | 1.1.1 | 4.00 | 46.00 | 50.00 | OK | |
r-oldrel-macos-arm64 | 1.1.1 | 16.00 | OK | |||
r-oldrel-macos-x86_64 | 1.1.1 | 23.00 | OK | |||
r-oldrel-windows-x86_64 | 1.1.1 | 3.00 | 49.00 | 52.00 | OK |
Version: 1.1.1
Check: for non-standard things in the check directory
Result: NOTE
Found the following files/directories:
‘outcmaesdisp.dat’
Flavors: r-devel-linux-x86_64-debian-clang, r-devel-linux-x86_64-debian-gcc, r-devel-linux-x86_64-fedora-clang, r-devel-linux-x86_64-fedora-gcc, r-patched-linux-x86_64, r-release-linux-x86_64