Last updated on 2025-10-25 05:50:15 CEST.
| Flavor | Version | Tinstall | Tcheck | Ttotal | Status | Flags |
|---|---|---|---|---|---|---|
| r-devel-linux-x86_64-debian-clang | 0.2.5 | 263.85 | 229.06 | 492.91 | OK | |
| r-devel-linux-x86_64-debian-gcc | 0.2.5 | 238.79 | 193.28 | 432.07 | OK | |
| r-devel-linux-x86_64-fedora-clang | 0.2.5 | 582.00 | 187.90 | 769.90 | NOTE | |
| r-devel-linux-x86_64-fedora-gcc | 0.2.5 | 780.00 | 246.85 | 1026.85 | NOTE | |
| r-devel-windows-x86_64 | 0.2.5 | 282.00 | 249.00 | 531.00 | OK | |
| r-patched-linux-x86_64 | 0.2.5 | 300.73 | 254.90 | 555.63 | OK | |
| r-release-linux-x86_64 | 0.2.5 | 302.27 | 268.48 | 570.75 | OK | |
| r-release-macos-arm64 | 0.2.5 | 93.00 | 65.00 | 158.00 | OK | |
| r-release-macos-x86_64 | 0.2.5 | 198.00 | 204.00 | 402.00 | OK | |
| r-release-windows-x86_64 | 0.2.5 | 277.00 | 313.00 | 590.00 | OK | |
| r-oldrel-macos-arm64 | 0.2.5 | 105.00 | 70.00 | 175.00 | NOTE | |
| r-oldrel-macos-x86_64 | 0.2.5 | 186.00 | 201.00 | 387.00 | NOTE | |
| r-oldrel-windows-x86_64 | 0.2.5 | 318.00 | 329.00 | 647.00 | NOTE |
Version: 0.2.5
Check: dependencies in R code
Result: NOTE
Namespace in Imports field not imported from: ‘rstantools’
All declared Imports should be used.
Flavors: r-devel-linux-x86_64-fedora-clang, r-devel-linux-x86_64-fedora-gcc
Version: 0.2.5
Check: installed package size
Result: NOTE
installed size is 88.8Mb
sub-directories of 1Mb or more:
libs 87.7Mb
Flavors: r-oldrel-macos-arm64, r-oldrel-macos-x86_64
Version: 0.2.5
Check: for GNU extensions in Makefiles
Result: NOTE
GNU make is a SystemRequirements.
Flavors: r-oldrel-macos-arm64, r-oldrel-macos-x86_64, r-oldrel-windows-x86_64