Last updated on 2025-11-16 04:48:52 CET.
| Flavor | Version | Tinstall | Tcheck | Ttotal | Status | Flags |
|---|---|---|---|---|---|---|
| r-devel-linux-x86_64-debian-clang | 2.5.1 | 27.92 | 195.00 | 222.92 | OK | |
| r-devel-linux-x86_64-debian-gcc | 2.5.1 | 18.53 | 133.32 | 151.85 | OK | |
| r-devel-linux-x86_64-fedora-clang | 2.5.1 | 118.00 | 250.27 | 368.27 | OK | |
| r-devel-linux-x86_64-fedora-gcc | 2.5.1 | 77.00 | 283.21 | 360.21 | OK | |
| r-devel-windows-x86_64 | 2.5.1 | 34.00 | 184.00 | 218.00 | OK | |
| r-patched-linux-x86_64 | 2.5.1 | 31.93 | 186.13 | 218.06 | OK | |
| r-release-linux-x86_64 | 2.5.1 | 26.73 | 183.53 | 210.26 | OK | |
| r-release-macos-arm64 | 2.5.1 | 14.00 | 83.00 | 97.00 | OK | |
| r-release-macos-x86_64 | 2.5.1 | 21.00 | 143.00 | 164.00 | OK | |
| r-release-windows-x86_64 | 2.5.1 | 34.00 | 186.00 | 220.00 | OK | |
| r-oldrel-macos-arm64 | 2.5.1 | 11.00 | 76.00 | 87.00 | NOTE | |
| r-oldrel-macos-x86_64 | 2.5.1 | 24.00 | 179.00 | 203.00 | NOTE | |
| r-oldrel-windows-x86_64 | 2.5.1 | 43.00 | 237.00 | 280.00 | NOTE |
Version: 2.5.1
Check: package dependencies
Result: NOTE
Package suggested but not available for checking: ‘INLA’
Flavors: r-oldrel-macos-arm64, r-oldrel-macos-x86_64
Version: 2.5.1
Check: installed package size
Result: NOTE
installed size is 6.4Mb
sub-directories of 1Mb or more:
R 4.7Mb
help 1.5Mb
Flavors: r-oldrel-macos-arm64, r-oldrel-macos-x86_64, r-oldrel-windows-x86_64