Last updated on 2024-08-25 05:49:33 CEST.
Flavor | Version | Tinstall | Tcheck | Ttotal | Status | Flags |
---|---|---|---|---|---|---|
r-devel-linux-x86_64-debian-clang | 2.0.0 | 63.29 | 299.09 | 362.38 | OK | |
r-devel-linux-x86_64-debian-gcc | 2.0.0 | 43.24 | 191.47 | 234.71 | OK | |
r-devel-linux-x86_64-fedora-clang | 2.0.0 | 582.61 | OK | |||
r-devel-linux-x86_64-fedora-gcc | 2.0.0 | 555.26 | OK | |||
r-devel-windows-x86_64 | 2.0.0 | 62.00 | 259.00 | 321.00 | OK | |
r-patched-linux-x86_64 | 2.0.0 | 61.16 | 280.00 | 341.16 | OK | |
r-release-linux-x86_64 | 2.0.0 | 57.94 | 282.80 | 340.74 | OK | |
r-release-macos-arm64 | 2.0.0 | 150.00 | OK | |||
r-release-macos-x86_64 | 2.0.0 | 235.00 | OK | |||
r-release-windows-x86_64 | 2.0.0 | 60.00 | 255.00 | 315.00 | OK | |
r-oldrel-macos-arm64 | 2.0.0 | 152.00 | NOTE | |||
r-oldrel-macos-x86_64 | 2.0.0 | 438.00 | NOTE | |||
r-oldrel-windows-x86_64 | 2.0.0 | 79.00 | 339.00 | 418.00 | OK |
Version: 2.0.0
Check: installed package size
Result: NOTE
installed size is 5.3Mb
sub-directories of 1Mb or more:
data 5.0Mb
Flavors: r-oldrel-macos-arm64, r-oldrel-macos-x86_64