Last updated on 2025-10-25 05:50:16 CEST.
| Flavor | Version | Tinstall | Tcheck | Ttotal | Status | Flags |
|---|---|---|---|---|---|---|
| r-devel-linux-x86_64-debian-clang | 0.3 | 7.52 | 160.85 | 168.37 | NOTE | |
| r-devel-linux-x86_64-debian-gcc | 0.3 | 5.52 | 114.74 | 120.26 | NOTE | |
| r-devel-linux-x86_64-fedora-clang | 0.3 | 18.00 | 222.48 | 240.48 | NOTE | |
| r-devel-linux-x86_64-fedora-gcc | 0.3 | 31.00 | 228.53 | 259.53 | NOTE | |
| r-devel-windows-x86_64 | 0.3 | 12.00 | 121.00 | 133.00 | OK | |
| r-patched-linux-x86_64 | 0.3 | 6.73 | 151.08 | 157.81 | OK | |
| r-release-linux-x86_64 | 0.3 | 7.28 | 151.62 | 158.90 | OK | |
| r-release-macos-arm64 | 0.3 | 5.00 | 48.00 | 53.00 | OK | |
| r-release-macos-x86_64 | 0.3 | 13.00 | 100.00 | 113.00 | OK | |
| r-release-windows-x86_64 | 0.3 | 12.00 | 120.00 | 132.00 | OK | |
| r-oldrel-macos-arm64 | 0.3 | 5.00 | 53.00 | 58.00 | OK | |
| r-oldrel-macos-x86_64 | 0.3 | 9.00 | 106.00 | 115.00 | OK | |
| r-oldrel-windows-x86_64 | 0.3 | 16.00 | 155.00 | 171.00 | OK |
Version: 0.3
Check: Rd files
Result: NOTE
checkRd: (-1) maize.Rd:20-26: Only 4 columns allowed in this table (row 5 has 1)
checkRd: (-1) ranki.Rd:81-87: Only 4 columns allowed in this table (row 5 has 1)
Flavors: r-devel-linux-x86_64-debian-clang, r-devel-linux-x86_64-debian-gcc, r-devel-linux-x86_64-fedora-gcc
Version: 0.3
Check: dependencies in R code
Result: NOTE
Namespaces in Imports field not imported from:
‘lifecycle’ ‘mathjaxr’
All declared Imports should be used.
Flavors: r-devel-linux-x86_64-fedora-clang, r-devel-linux-x86_64-fedora-gcc