Last updated on 2025-11-16 04:48:49 CET.
| Flavor | Version | Tinstall | Tcheck | Ttotal | Status | Flags |
|---|---|---|---|---|---|---|
| r-devel-linux-x86_64-debian-clang | 1.6.8 | 16.81 | 136.07 | 152.88 | OK | |
| r-devel-linux-x86_64-debian-gcc | 1.6.8 | 10.57 | 96.00 | 106.57 | NOTE | |
| r-devel-linux-x86_64-fedora-clang | 1.6.8 | 102.00 | 142.49 | 244.49 | OK | |
| r-devel-linux-x86_64-fedora-gcc | 1.6.8 | 33.00 | 183.93 | 216.93 | OK | |
| r-devel-windows-x86_64 | 1.6.8 | 25.00 | 159.00 | 184.00 | OK | |
| r-patched-linux-x86_64 | 1.6.8 | 17.32 | 126.86 | 144.18 | OK | |
| r-release-linux-x86_64 | 1.6.8 | 14.19 | 126.19 | 140.38 | OK | |
| r-release-macos-arm64 | 1.6.8 | 7.00 | 57.00 | 64.00 | OK | |
| r-release-macos-x86_64 | 1.6.8 | 18.00 | 120.00 | 138.00 | OK | |
| r-release-windows-x86_64 | 1.6.8 | 20.00 | 160.00 | 180.00 | OK | |
| r-oldrel-macos-arm64 | 1.6.8 | 9.00 | 78.00 | 87.00 | OK | |
| r-oldrel-macos-x86_64 | 1.6.8 | 16.00 | 126.00 | 142.00 | OK | |
| r-oldrel-windows-x86_64 | 1.6.8 | 28.00 | 205.00 | 233.00 | OK |
Version: 1.6.8
Check: CRAN incoming feasibility
Result: NOTE
Maintainer: ‘Vincent Nijs <radiant@rady.ucsd.edu>’
The BugReports field in DESCRIPTION has
https://github.com/radiant-rstats/radiant.data/issues/
which should likely be
https://github.com/radiant-rstats/radiant.data/issues/issues
instead.
Flavor: r-devel-linux-x86_64-debian-gcc