Last updated on 2025-11-16 04:48:49 CET.
| Flavor | Version | Tinstall | Tcheck | Ttotal | Status | Flags |
|---|---|---|---|---|---|---|
| r-devel-linux-x86_64-debian-clang | 1.6.6 | 11.43 | 100.71 | 112.14 | OK | |
| r-devel-linux-x86_64-debian-gcc | 1.6.6 | 7.66 | 70.91 | 78.57 | NOTE | |
| r-devel-linux-x86_64-fedora-clang | 1.6.6 | 106.00 | 76.12 | 182.12 | OK | |
| r-devel-linux-x86_64-fedora-gcc | 1.6.6 | 36.00 | 121.59 | 157.59 | OK | |
| r-devel-windows-x86_64 | 1.6.6 | 25.00 | 102.00 | 127.00 | OK | |
| r-patched-linux-x86_64 | 1.6.6 | 11.76 | 90.59 | 102.35 | OK | |
| r-release-linux-x86_64 | 1.6.6 | 11.95 | 91.47 | 103.42 | OK | |
| r-release-macos-arm64 | 1.6.6 | 8.00 | 36.00 | 44.00 | OK | |
| r-release-macos-x86_64 | 1.6.6 | 8.00 | 71.00 | 79.00 | OK | |
| r-release-windows-x86_64 | 1.6.6 | 16.00 | 102.00 | 118.00 | OK | |
| r-oldrel-macos-arm64 | 1.6.6 | 5.00 | 37.00 | 42.00 | OK | |
| r-oldrel-macos-x86_64 | 1.6.6 | 8.00 | 52.00 | 60.00 | OK | |
| r-oldrel-windows-x86_64 | 1.6.6 | 21.00 | 129.00 | 150.00 | OK |
Version: 1.6.6
Check: CRAN incoming feasibility
Result: NOTE
Maintainer: ‘Vincent Nijs <radiant@rady.ucsd.edu>’
The BugReports field in DESCRIPTION has
https://github.com/radiant-rstats/radiant.design/issues/
which should likely be
https://github.com/radiant-rstats/radiant.design/issues/issues
instead.
Flavor: r-devel-linux-x86_64-debian-gcc