Last updated on 2025-02-21 04:52:01 CET.
Flavor | Version | Tinstall | Tcheck | Ttotal | Status | Flags |
---|---|---|---|---|---|---|
r-devel-linux-x86_64-debian-clang | 0.2.0 | 2.16 | 27.77 | 29.93 | OK | |
r-devel-linux-x86_64-debian-gcc | 0.2.0 | 1.65 | 22.64 | 24.29 | OK | |
r-devel-linux-x86_64-fedora-clang | 0.2.0 | 48.79 | OK | |||
r-devel-linux-x86_64-fedora-gcc | 0.2.0 | 60.32 | OK | |||
r-devel-macos-arm64 | 0.2.0 | 29.00 | OK | |||
r-devel-macos-x86_64 | 0.2.0 | 52.00 | OK | |||
r-devel-windows-x86_64 | 0.2.0 | 4.00 | 51.00 | 55.00 | OK | |
r-patched-linux-x86_64 | 0.2.0 | 2.16 | 26.70 | 28.86 | NOTE | |
r-release-linux-x86_64 | 0.2.0 | 2.08 | 26.88 | 28.96 | NOTE | |
r-release-macos-arm64 | 0.2.0 | 28.00 | NOTE | |||
r-release-macos-x86_64 | 0.2.0 | 43.00 | NOTE | |||
r-release-windows-x86_64 | 0.2.0 | 4.00 | 51.00 | 55.00 | NOTE | |
r-oldrel-macos-arm64 | 0.2.0 | 28.00 | NOTE | |||
r-oldrel-macos-x86_64 | 0.2.0 | 38.00 | NOTE | |||
r-oldrel-windows-x86_64 | 0.2.0 | 5.00 | 70.00 | 75.00 | NOTE |
Version: 0.2.0
Check: LazyData
Result: NOTE
'LazyData' is specified without a 'data' directory
Flavors: r-patched-linux-x86_64, r-release-linux-x86_64, r-release-macos-arm64, r-release-macos-x86_64, r-release-windows-x86_64, r-oldrel-macos-arm64, r-oldrel-macos-x86_64, r-oldrel-windows-x86_64