Last updated on 2024-08-25 05:49:31 CEST.
Flavor | Version | Tinstall | Tcheck | Ttotal | Status | Flags |
---|---|---|---|---|---|---|
r-devel-linux-x86_64-debian-clang | 0.2.0 | 3.83 | 58.03 | 61.86 | NOTE | |
r-devel-linux-x86_64-debian-gcc | 0.2.0 | 3.11 | 41.36 | 44.47 | NOTE | |
r-devel-linux-x86_64-fedora-clang | 0.2.0 | 100.48 | NOTE | |||
r-devel-linux-x86_64-fedora-gcc | 0.2.0 | 93.41 | NOTE | |||
r-devel-windows-x86_64 | 0.2.0 | 6.00 | 81.00 | 87.00 | NOTE | |
r-patched-linux-x86_64 | 0.2.0 | 3.44 | 55.64 | 59.08 | NOTE | |
r-release-linux-x86_64 | 0.2.0 | 4.15 | 55.46 | 59.61 | NOTE | |
r-release-macos-arm64 | 0.2.0 | 32.00 | NOTE | |||
r-release-macos-x86_64 | 0.2.0 | 52.00 | NOTE | |||
r-release-windows-x86_64 | 0.2.0 | 6.00 | 81.00 | 87.00 | NOTE | |
r-oldrel-macos-arm64 | 0.2.0 | 34.00 | NOTE | |||
r-oldrel-macos-x86_64 | 0.2.0 | 50.00 | NOTE | |||
r-oldrel-windows-x86_64 | 0.2.0 | 7.00 | 96.00 | 103.00 | NOTE |
Version: 0.2.0
Check: LazyData
Result: NOTE
'LazyData' is specified without a 'data' directory
Flavors: r-devel-linux-x86_64-debian-clang, r-devel-linux-x86_64-debian-gcc, r-devel-linux-x86_64-fedora-clang, r-devel-linux-x86_64-fedora-gcc, r-devel-windows-x86_64, r-patched-linux-x86_64, r-release-linux-x86_64, r-release-macos-arm64, r-release-macos-x86_64, r-release-windows-x86_64, r-oldrel-macos-arm64, r-oldrel-macos-x86_64, r-oldrel-windows-x86_64