Last updated on 2024-08-25 05:49:31 CEST.
Flavor | Version | Tinstall | Tcheck | Ttotal | Status | Flags |
---|---|---|---|---|---|---|
r-devel-linux-x86_64-debian-clang | 0.10.1 | 6.81 | 215.99 | 222.80 | NOTE | |
r-devel-linux-x86_64-debian-gcc | 0.10.1 | 4.91 | 143.27 | 148.18 | NOTE | |
r-devel-linux-x86_64-fedora-clang | 0.10.1 | 383.23 | NOTE | |||
r-devel-linux-x86_64-fedora-gcc | 0.10.1 | 349.12 | NOTE | |||
r-devel-windows-x86_64 | 0.10.1 | 9.00 | 187.00 | 196.00 | NOTE | |
r-patched-linux-x86_64 | 0.10.1 | 7.54 | 204.35 | 211.89 | NOTE | |
r-release-linux-x86_64 | 0.10.1 | 6.77 | 203.95 | 210.72 | NOTE | |
r-release-macos-arm64 | 0.10.1 | 93.00 | NOTE | |||
r-release-macos-x86_64 | 0.10.1 | 171.00 | NOTE | |||
r-release-windows-x86_64 | 0.10.1 | 9.00 | 187.00 | 196.00 | NOTE | |
r-oldrel-macos-arm64 | 0.10.1 | 103.00 | NOTE | |||
r-oldrel-macos-x86_64 | 0.10.1 | 180.00 | NOTE | |||
r-oldrel-windows-x86_64 | 0.10.1 | 11.00 | 248.00 | 259.00 | NOTE |
Version: 0.10.1
Check: LazyData
Result: NOTE
'LazyData' is specified without a 'data' directory
Flavors: r-devel-linux-x86_64-debian-clang, r-devel-linux-x86_64-debian-gcc, r-devel-linux-x86_64-fedora-clang, r-devel-linux-x86_64-fedora-gcc, r-devel-windows-x86_64, r-patched-linux-x86_64, r-release-linux-x86_64, r-release-macos-arm64, r-release-macos-x86_64, r-release-windows-x86_64, r-oldrel-macos-arm64, r-oldrel-macos-x86_64, r-oldrel-windows-x86_64