Last updated on 2025-11-16 04:48:49 CET.
| Flavor | Version | Tinstall | Tcheck | Ttotal | Status | Flags |
|---|---|---|---|---|---|---|
| r-devel-linux-x86_64-debian-clang | 3.4.4 | 45.63 | 104.05 | 149.68 | OK | |
| r-devel-linux-x86_64-debian-gcc | 3.4.4 | 36.11 | 70.85 | 106.96 | NOTE | |
| r-devel-linux-x86_64-fedora-clang | 3.4.4 | 379.00 | -125.84 | 253.16 | OK | |
| r-devel-linux-x86_64-fedora-gcc | 3.4.4 | 121.00 | 116.85 | 237.85 | OK | |
| r-devel-windows-x86_64 | 3.4.4 | 116.00 | 111.00 | 227.00 | OK | |
| r-patched-linux-x86_64 | 3.4.4 | 50.95 | 98.75 | 149.70 | OK | |
| r-release-linux-x86_64 | 3.4.4 | 45.68 | 100.03 | 145.71 | OK | |
| r-release-macos-arm64 | 3.4.4 | 26.00 | 40.00 | 66.00 | OK | |
| r-release-macos-x86_64 | 3.4.4 | 45.00 | 90.00 | 135.00 | OK | |
| r-release-windows-x86_64 | 3.4.4 | 78.00 | 112.00 | 190.00 | OK | |
| r-oldrel-macos-arm64 | 3.4.4 | 27.00 | 46.00 | 73.00 | OK | |
| r-oldrel-macos-x86_64 | 3.4.4 | 42.00 | 89.00 | 131.00 | OK | |
| r-oldrel-windows-x86_64 | 3.4.4 | 87.00 | 140.00 | 227.00 | OK |
Version: 3.4.4
Check: CRAN incoming feasibility
Result: NOTE
Maintainer: ‘Udaya B. Kogalur <ubk@kogalur.com>’
The BugReports field in DESCRIPTION has
https://github.com/kogalur/randomForestSRC/issues/
which should likely be
https://github.com/kogalur/randomForestSRC/issues/issues
instead.
Flavor: r-devel-linux-x86_64-debian-gcc