Last updated on 2025-10-25 05:50:13 CEST.
| Flavor | Version | Tinstall | Tcheck | Ttotal | Status | Flags |
|---|---|---|---|---|---|---|
| r-devel-linux-x86_64-debian-clang | 1.0.3 | 13.14 | 109.19 | 122.33 | NOTE | |
| r-devel-linux-x86_64-debian-gcc | 1.0.3 | 9.54 | 81.69 | 91.23 | NOTE | |
| r-devel-linux-x86_64-fedora-clang | 1.0.3 | 73.00 | 127.93 | 200.93 | OK | |
| r-devel-linux-x86_64-fedora-gcc | 1.0.3 | 65.00 | 129.80 | 194.80 | NOTE | |
| r-devel-windows-x86_64 | 1.0.3 | 15.00 | 114.00 | 129.00 | OK | |
| r-patched-linux-x86_64 | 1.0.3 | 11.14 | 108.85 | 119.99 | OK | |
| r-release-linux-x86_64 | 1.0.3 | 12.38 | 109.65 | 122.03 | OK | |
| r-release-macos-arm64 | 1.0.3 | 7.00 | 38.00 | 45.00 | OK | |
| r-release-macos-x86_64 | 1.0.3 | 14.00 | 117.00 | 131.00 | OK | |
| r-release-windows-x86_64 | 1.0.3 | 17.00 | 114.00 | 131.00 | OK | |
| r-oldrel-macos-arm64 | 1.0.3 | 6.00 | 49.00 | 55.00 | OK | |
| r-oldrel-macos-x86_64 | 1.0.3 | 11.00 | 114.00 | 125.00 | OK | |
| r-oldrel-windows-x86_64 | 1.0.3 | 19.00 | 146.00 | 165.00 | OK |
Version: 1.0.3
Check: Rd files
Result: NOTE
checkRd: (-1) rankCorrCluster.Rd:84-88: Only 2 columns allowed in this table (row 1 has 1)
checkRd: (-1) rankCorrCluster.Rd:84-88: Only 2 columns allowed in this table (row 2 has 1)
checkRd: (-1) rankCorrCluster.Rd:84-88: Only 2 columns allowed in this table (row 3 has 1)
Flavors: r-devel-linux-x86_64-debian-clang, r-devel-linux-x86_64-debian-gcc, r-devel-linux-x86_64-fedora-gcc