Last updated on 2025-11-16 04:48:49 CET.
| Flavor | Version | Tinstall | Tcheck | Ttotal | Status | Flags |
|---|---|---|---|---|---|---|
| r-devel-linux-x86_64-debian-clang | 0.24 | 18.41 | 68.40 | 86.81 | OK | |
| r-devel-linux-x86_64-debian-gcc | 0.24 | 13.26 | 51.92 | 65.18 | NOTE | |
| r-devel-linux-x86_64-fedora-clang | 0.24 | 162.00 | -14.76 | 147.24 | OK | |
| r-devel-linux-x86_64-fedora-gcc | 0.24 | 41.00 | 89.51 | 130.51 | OK | |
| r-devel-windows-x86_64 | 0.24 | 33.00 | 93.00 | 126.00 | OK | |
| r-patched-linux-x86_64 | 0.24 | 18.59 | 66.48 | 85.07 | OK | |
| r-release-linux-x86_64 | 0.24 | 16.09 | 66.23 | 82.32 | OK | |
| r-release-macos-arm64 | 0.24 | 8.00 | 31.00 | 39.00 | OK | |
| r-release-macos-x86_64 | 0.24 | 17.00 | 75.00 | 92.00 | OK | |
| r-release-windows-x86_64 | 0.24 | 24.00 | 95.00 | 119.00 | OK | |
| r-oldrel-macos-arm64 | 0.24 | 10.00 | 36.00 | 46.00 | OK | |
| r-oldrel-macos-x86_64 | 0.24 | 17.00 | 77.00 | 94.00 | OK | |
| r-oldrel-windows-x86_64 | 0.24 | 28.00 | 116.00 | 144.00 | OK |
Version: 0.24
Check: CRAN incoming feasibility
Result: NOTE
Maintainer: ‘Min Lu <luminwin@gmail.com>’
The BugReports field in DESCRIPTION has
https://github.com/TransBioInfoLab/ranktreeEnsemble/issues/
which should likely be
https://github.com/TransBioInfoLab/ranktreeEnsemble/issues/issues
instead.
Flavor: r-devel-linux-x86_64-debian-gcc