Last updated on 2025-11-16 04:48:49 CET.
| Flavor | Version | Tinstall | Tcheck | Ttotal | Status | Flags |
|---|---|---|---|---|---|---|
| r-devel-linux-x86_64-debian-clang | 0.6 | 29.34 | 117.23 | 146.57 | OK | |
| r-devel-linux-x86_64-debian-gcc | 0.6 | 25.19 | 76.98 | 102.17 | NOTE | |
| r-devel-linux-x86_64-fedora-clang | 0.6 | 20.00 | 212.36 | 232.36 | OK | |
| r-devel-linux-x86_64-fedora-gcc | 0.6 | 53.00 | 195.57 | 248.57 | OK | |
| r-devel-windows-x86_64 | 0.6 | 42.00 | 187.00 | 229.00 | OK | |
| r-patched-linux-x86_64 | 0.6 | 35.71 | 108.43 | 144.14 | OK | |
| r-release-linux-x86_64 | 0.6 | 35.68 | 108.27 | 143.95 | OK | |
| r-release-macos-arm64 | 0.6 | 11.00 | 95.00 | 106.00 | OK | |
| r-release-macos-x86_64 | 0.6 | 18.00 | 192.00 | 210.00 | OK | |
| r-release-windows-x86_64 | 0.6 | 42.00 | 161.00 | 203.00 | OK | |
| r-oldrel-macos-arm64 | 0.6 | 10.00 | 74.00 | 84.00 | OK | |
| r-oldrel-macos-x86_64 | 0.6 | 17.00 | 187.00 | 204.00 | OK | |
| r-oldrel-windows-x86_64 | 0.6 | 38.00 | 186.00 | 224.00 | OK |
Version: 0.6
Check: CRAN incoming feasibility
Result: NOTE
Maintainer: ‘Sercan Kahveci <sercan.kahveci@plus.ac.at>’
The BugReports field in DESCRIPTION has
https://github.com/Spiritspeak/rapidsplit/issues/
which should likely be
https://github.com/Spiritspeak/rapidsplit/issues/issues
instead.
Flavor: r-devel-linux-x86_64-debian-gcc