Last updated on 2025-11-16 04:48:49 CET.
| Flavor | Version | Tinstall | Tcheck | Ttotal | Status | Flags |
|---|---|---|---|---|---|---|
| r-devel-linux-x86_64-debian-clang | 1.0.6 | 3.55 | 290.12 | 293.67 | OK | |
| r-devel-linux-x86_64-debian-gcc | 1.0.6 | 2.67 | 214.71 | 217.38 | NOTE | |
| r-devel-linux-x86_64-fedora-clang | 1.0.6 | 453.57 | OK | |||
| r-devel-linux-x86_64-fedora-gcc | 1.0.6 | 461.96 | OK | |||
| r-devel-windows-x86_64 | 1.0.6 | 7.00 | 262.00 | 269.00 | OK | |
| r-patched-linux-x86_64 | 1.0.6 | 4.41 | 278.00 | 282.41 | OK | |
| r-release-linux-x86_64 | 1.0.6 | 4.04 | 275.65 | 279.69 | OK | |
| r-release-macos-arm64 | 1.0.6 | 2.00 | 150.00 | 152.00 | OK | |
| r-release-macos-x86_64 | 1.0.6 | 4.00 | 327.00 | 331.00 | OK | |
| r-release-windows-x86_64 | 1.0.6 | 6.00 | 264.00 | 270.00 | OK | |
| r-oldrel-macos-arm64 | 1.0.6 | 2.00 | 88.00 | 90.00 | OK | |
| r-oldrel-macos-x86_64 | 1.0.6 | 4.00 | 191.00 | 195.00 | OK | |
| r-oldrel-windows-x86_64 | 1.0.6 | 8.00 | 355.00 | 363.00 | OK |
Version: 1.0.6
Check: CRAN incoming feasibility
Result: NOTE
Maintainer: ‘Bryan A. Fuentes <bryandrep@gmail.com>’
The BugReports field in DESCRIPTION has
https://github.com/bafuentes/rassta/issues/
which should likely be
https://github.com/bafuentes/rassta/issues/issues
instead.
Flavor: r-devel-linux-x86_64-debian-gcc