Last updated on 2025-11-16 04:48:49 CET.
| Flavor | Version | Tinstall | Tcheck | Ttotal | Status | Flags |
|---|---|---|---|---|---|---|
| r-devel-linux-x86_64-debian-clang | 3.6-32 | 172.91 | 422.09 | 595.00 | NOTE | |
| r-devel-linux-x86_64-debian-gcc | 3.6-32 | 111.79 | 265.92 | 377.71 | NOTE | |
| r-devel-linux-x86_64-fedora-clang | 3.6-32 | 840.00 | 270.51 | 1110.51 | OK | |
| r-devel-linux-x86_64-fedora-gcc | 3.6-32 | 900.00 | 141.53 | 1041.53 | OK | |
| r-devel-windows-x86_64 | 3.6-32 | 207.00 | 409.00 | 616.00 | NOTE | |
| r-patched-linux-x86_64 | 3.6-32 | 174.49 | 406.81 | 581.30 | OK | |
| r-release-linux-x86_64 | 3.6-32 | 169.42 | 417.07 | 586.49 | OK | |
| r-release-macos-arm64 | 3.6-32 | 65.00 | 152.00 | 217.00 | OK | |
| r-release-macos-x86_64 | 3.6-32 | 155.00 | 367.00 | 522.00 | OK | |
| r-release-windows-x86_64 | 3.6-32 | 183.00 | 415.00 | 598.00 | OK | |
| r-oldrel-macos-arm64 | 3.6-32 | 60.00 | 142.00 | 202.00 | NOTE | |
| r-oldrel-macos-x86_64 | 3.6-32 | 87.00 | 312.00 | 399.00 | NOTE | |
| r-oldrel-windows-x86_64 | 3.6-32 | 242.00 | 546.00 | 788.00 | NOTE |
Version: 3.6-32
Check: Rd files
Result: NOTE
checkRd: (-1) raster-package.Rd:193-220: Only 2 columns allowed in this table (row 10 has 1)
checkRd: (-1) raster-package.Rd:193-220: Only 2 columns allowed in this table (row 18 has 1)
checkRd: (-1) raster-package.Rd:281-294: Only 2 columns allowed in this table (row 1 has 1)
checkRd: (-1) raster-package.Rd:281-294: Only 2 columns allowed in this table (row 5 has 1)
checkRd: (-1) raster-package.Rd:281-294: Only 2 columns allowed in this table (row 6 has 1)
Flavors: r-devel-linux-x86_64-debian-clang, r-devel-windows-x86_64
Version: 3.6-32
Check: CRAN incoming feasibility
Result: NOTE
Maintainer: ‘Robert J. Hijmans <r.hijmans@gmail.com>’
The BugReports field in DESCRIPTION has
https://github.com/rspatial/raster/issues/
which should likely be
https://github.com/rspatial/raster/issues/issues
instead.
Flavor: r-devel-linux-x86_64-debian-gcc
Version: 3.6-32
Check: installed package size
Result: NOTE
installed size is 12.9Mb
sub-directories of 1Mb or more:
R 4.0Mb
libs 7.9Mb
Flavors: r-oldrel-macos-arm64, r-oldrel-macos-x86_64, r-oldrel-windows-x86_64