Last updated on 2025-02-21 04:52:01 CET.
Flavor | Version | Tinstall | Tcheck | Ttotal | Status | Flags |
---|---|---|---|---|---|---|
r-devel-linux-x86_64-debian-clang | 0.1.0 | 7.55 | 100.54 | 108.09 | NOTE | |
r-devel-linux-x86_64-debian-gcc | 0.1.0 | 5.48 | 74.23 | 79.71 | NOTE | |
r-devel-linux-x86_64-fedora-clang | 0.1.0 | 173.68 | NOTE | |||
r-devel-linux-x86_64-fedora-gcc | 0.1.0 | 182.01 | NOTE | |||
r-devel-macos-arm64 | 0.1.0 | 61.00 | OK | |||
r-devel-macos-x86_64 | 0.1.0 | 102.00 | NOTE | |||
r-devel-windows-x86_64 | 0.1.0 | 11.00 | 120.00 | 131.00 | NOTE | |
r-patched-linux-x86_64 | 0.1.0 | 7.72 | 94.20 | 101.92 | OK | |
r-release-linux-x86_64 | 0.1.0 | 7.45 | 93.73 | 101.18 | OK | |
r-release-macos-arm64 | 0.1.0 | 64.00 | NOTE | |||
r-release-macos-x86_64 | 0.1.0 | 101.00 | NOTE | |||
r-release-windows-x86_64 | 0.1.0 | 12.00 | 110.00 | 122.00 | NOTE | |
r-oldrel-macos-arm64 | 0.1.0 | 63.00 | NOTE | |||
r-oldrel-macos-x86_64 | 0.1.0 | 94.00 | NOTE | |||
r-oldrel-windows-x86_64 | 0.1.0 | 14.00 | 126.00 | 140.00 | NOTE |
Version: 0.1.0
Check: DESCRIPTION meta-information
Result: NOTE
Missing dependency on R >= 4.1.0 because package code uses the pipe
|> or function shorthand \(...) syntax added in R 4.1.0.
File(s) using such syntax:
‘table-format.R’
Flavors: r-devel-linux-x86_64-debian-clang, r-devel-linux-x86_64-debian-gcc, r-devel-linux-x86_64-fedora-clang, r-devel-linux-x86_64-fedora-gcc, r-devel-macos-x86_64, r-devel-windows-x86_64
Version: 0.1.0
Check: installed package size
Result: NOTE
installed size is 5.1Mb
sub-directories of 1Mb or more:
doc 2.6Mb
rstudio 1.6Mb
Flavors: r-release-macos-arm64, r-release-macos-x86_64, r-release-windows-x86_64, r-oldrel-macos-arm64, r-oldrel-macos-x86_64, r-oldrel-windows-x86_64