Last updated on 2025-02-21 04:52:01 CET.
Flavor | Version | Tinstall | Tcheck | Ttotal | Status | Flags |
---|---|---|---|---|---|---|
r-devel-linux-x86_64-debian-clang | 0.6.4 | 4.91 | 64.27 | 69.18 | OK | |
r-devel-linux-x86_64-debian-gcc | 0.6.4 | 3.84 | 50.45 | 54.29 | OK | |
r-devel-linux-x86_64-fedora-clang | 0.6.4 | 97.31 | OK | |||
r-devel-linux-x86_64-fedora-gcc | 0.6.4 | 105.48 | OK | |||
r-devel-macos-arm64 | 0.6.4 | 48.00 | OK | |||
r-devel-macos-x86_64 | 0.6.4 | 71.00 | OK | |||
r-devel-windows-x86_64 | 0.6.4 | 5.00 | 88.00 | 93.00 | OK | |
r-patched-linux-x86_64 | 0.6.4 | 5.09 | 62.63 | 67.72 | NOTE | |
r-release-linux-x86_64 | 0.6.4 | 4.49 | 62.34 | 66.83 | NOTE | |
r-release-macos-arm64 | 0.6.4 | 57.00 | NOTE | |||
r-release-macos-x86_64 | 0.6.4 | 59.00 | NOTE | |||
r-release-windows-x86_64 | 0.6.4 | 6.00 | 86.00 | 92.00 | NOTE | |
r-oldrel-macos-arm64 | 0.6.4 | 39.00 | NOTE | |||
r-oldrel-macos-x86_64 | 0.6.4 | 51.00 | NOTE | |||
r-oldrel-windows-x86_64 | 0.6.4 | 6.00 | 113.00 | 119.00 | NOTE |
Version: 0.6.4
Check: LazyData
Result: NOTE
'LazyData' is specified without a 'data' directory
Flavors: r-patched-linux-x86_64, r-release-linux-x86_64, r-release-macos-arm64, r-release-macos-x86_64, r-release-windows-x86_64, r-oldrel-macos-arm64, r-oldrel-macos-x86_64, r-oldrel-windows-x86_64