Last updated on 2025-02-22 04:51:25 CET.
Flavor | Version | Tinstall | Tcheck | Ttotal | Status | Flags |
---|---|---|---|---|---|---|
r-devel-linux-x86_64-debian-clang | 0.57 | 7.74 | 56.07 | 63.81 | NOTE | |
r-devel-linux-x86_64-debian-gcc | 0.57 | 5.28 | 42.03 | 47.31 | NOTE | |
r-devel-linux-x86_64-fedora-clang | 0.57 | 97.91 | OK | |||
r-devel-linux-x86_64-fedora-gcc | 0.57 | 99.66 | OK | |||
r-devel-macos-arm64 | 0.57 | 30.00 | OK | |||
r-devel-macos-x86_64 | 0.57 | 55.00 | OK | |||
r-devel-windows-x86_64 | 0.57 | 9.00 | 72.00 | 81.00 | NOTE | |
r-patched-linux-x86_64 | 0.57 | 14.55 | 52.77 | 67.32 | OK | |
r-release-linux-x86_64 | 0.57 | 5.88 | 52.57 | 58.45 | OK | |
r-release-macos-arm64 | 0.57 | 24.00 | OK | |||
r-release-macos-x86_64 | 0.57 | 42.00 | OK | |||
r-release-windows-x86_64 | 0.57 | 9.00 | 69.00 | 78.00 | OK | |
r-oldrel-macos-arm64 | 0.57 | 38.00 | OK | |||
r-oldrel-macos-x86_64 | 0.57 | 53.00 | OK | |||
r-oldrel-windows-x86_64 | 0.57 | 11.00 | 80.00 | 91.00 | OK |
Version: 0.57
Check: Rd cross-references
Result: NOTE
Found the following Rd file(s) with Rd \link{} targets missing package
anchors:
RDestimate.Rd: vcovHC, ivreg
Please provide package anchors for all Rd \link{} targets not in the
package itself and the base packages.
Flavors: r-devel-linux-x86_64-debian-clang, r-devel-linux-x86_64-debian-gcc, r-devel-windows-x86_64