CRAN Package Check Results for Package rebus.unicode

Last updated on 2025-02-22 04:51:25 CET.

Flavor Version Tinstall Tcheck Ttotal Status Flags
r-devel-linux-x86_64-debian-clang 0.0-2 2.61 22.20 24.81 OK
r-devel-linux-x86_64-debian-gcc 0.0-2 2.23 17.07 19.30 OK
r-devel-linux-x86_64-fedora-clang 0.0-2 38.96 OK
r-devel-linux-x86_64-fedora-gcc 0.0-2 37.08 OK
r-devel-macos-arm64 0.0-2 16.00 OK
r-devel-macos-x86_64 0.0-2 29.00 OK
r-devel-windows-x86_64 0.0-2 4.00 50.00 54.00 OK
r-patched-linux-x86_64 0.0-2 2.91 21.01 23.92 NOTE
r-release-linux-x86_64 0.0-2 2.80 21.01 23.81 NOTE
r-release-macos-arm64 0.0-2 16.00 NOTE
r-release-macos-x86_64 0.0-2 25.00 NOTE
r-release-windows-x86_64 0.0-2 4.00 43.00 47.00 NOTE
r-oldrel-macos-arm64 0.0-2 17.00 NOTE
r-oldrel-macos-x86_64 0.0-2 22.00 NOTE
r-oldrel-windows-x86_64 0.0-2 5.00 46.00 51.00 NOTE

Check Details

Version: 0.0-2
Check: LazyData
Result: NOTE 'LazyData' is specified without a 'data' directory Flavors: r-patched-linux-x86_64, r-release-linux-x86_64, r-release-macos-arm64, r-release-macos-x86_64, r-release-windows-x86_64, r-oldrel-macos-arm64, r-oldrel-macos-x86_64, r-oldrel-windows-x86_64