Last updated on 2025-11-16 04:48:50 CET.
| Flavor | Version | Tinstall | Tcheck | Ttotal | Status | Flags |
|---|---|---|---|---|---|---|
| r-devel-linux-x86_64-debian-clang | 1.0.0 | 28.49 | 258.42 | 286.91 | OK | |
| r-devel-linux-x86_64-debian-gcc | 1.0.0 | 18.42 | 163.92 | 182.34 | NOTE | |
| r-devel-linux-x86_64-fedora-clang | 1.0.0 | 241.00 | 264.14 | 505.14 | OK | |
| r-devel-linux-x86_64-fedora-gcc | 1.0.0 | 118.00 | 351.42 | 469.42 | OK | |
| r-devel-windows-x86_64 | 1.0.0 | 28.00 | 396.00 | 424.00 | OK | |
| r-patched-linux-x86_64 | 1.0.0 | 29.06 | 248.21 | 277.27 | OK | |
| r-release-linux-x86_64 | 1.0.0 | 29.09 | 246.01 | 275.10 | OK | |
| r-release-macos-arm64 | 1.0.0 | 11.00 | 97.00 | 108.00 | OK | |
| r-release-macos-x86_64 | 1.0.0 | 23.00 | 204.00 | 227.00 | OK | |
| r-release-windows-x86_64 | 1.0.0 | 27.00 | 373.00 | 400.00 | OK | |
| r-oldrel-macos-arm64 | 1.0.0 | 11.00 | 84.00 | 95.00 | OK | |
| r-oldrel-macos-x86_64 | 1.0.0 | 18.00 | 142.00 | 160.00 | OK | |
| r-oldrel-windows-x86_64 | 1.0.0 | 40.00 | 514.00 | 554.00 | OK |
Version: 1.0.0
Check: CRAN incoming feasibility
Result: NOTE
Maintainer: ‘Yannick Marcon <yannick.marcon@epfl.ch>’
The BugReports field in DESCRIPTION has
https://github.com/gwrecharge/rechaRge/issues/
which should likely be
https://github.com/gwrecharge/rechaRge/issues/issues
instead.
Flavor: r-devel-linux-x86_64-debian-gcc