Last updated on 2025-11-16 04:48:50 CET.
| Flavor | Version | Tinstall | Tcheck | Ttotal | Status | Flags |
|---|---|---|---|---|---|---|
| r-devel-linux-x86_64-debian-clang | 2.9 | 10.34 | 89.88 | 100.22 | NOTE | |
| r-devel-linux-x86_64-debian-gcc | 2.9 | 8.47 | 65.78 | 74.25 | NOTE | |
| r-devel-linux-x86_64-fedora-clang | 2.9 | 20.00 | 137.21 | 157.21 | OK | |
| r-devel-linux-x86_64-fedora-gcc | 2.9 | 41.00 | 120.59 | 161.59 | OK | |
| r-devel-windows-x86_64 | 2.9 | 17.00 | 99.00 | 116.00 | OK | |
| r-patched-linux-x86_64 | 2.9 | 11.53 | 86.64 | 98.17 | OK | |
| r-release-linux-x86_64 | 2.9 | 10.61 | 86.67 | 97.28 | OK | |
| r-release-macos-arm64 | 2.9 | 5.00 | 37.00 | 42.00 | OK | |
| r-release-macos-x86_64 | 2.9 | 8.00 | 69.00 | 77.00 | OK | |
| r-release-windows-x86_64 | 2.9 | 14.00 | 98.00 | 112.00 | OK | |
| r-oldrel-macos-arm64 | 2.9 | 4.00 | 37.00 | 41.00 | OK | |
| r-oldrel-macos-x86_64 | 2.9 | 7.00 | 54.00 | 61.00 | OK | |
| r-oldrel-windows-x86_64 | 2.9 | 16.00 | 124.00 | 140.00 | OK |
Version: 2.9
Check: CRAN incoming feasibility
Result: NOTE
Maintainer: ‘Leonardo Dapporto <leondap@gmail.com>’
No Authors@R field in DESCRIPTION.
Please add one, modifying
Authors@R: c(person(given = "Leonardo",
family = "Dapporto",
role = c("aut", "cre"),
email = "leondap@gmail.com"),
person(given = "Matteo",
family = "Ramazzotti",
role = "aut"),
person(given = "Simone",
family = "Fattorini",
role = "aut"),
person(given = "Roger",
family = "Vila",
role = "aut"),
person(given = "Gerard",
family = "Talavera",
role = "aut"),
person(given = c("Roger", "H.L."),
family = "Dennis",
role = "aut"))
as necessary.
Flavors: r-devel-linux-x86_64-debian-clang, r-devel-linux-x86_64-debian-gcc