Last updated on 2025-11-16 04:48:50 CET.
| Flavor | Version | Tinstall | Tcheck | Ttotal | Status | Flags |
|---|---|---|---|---|---|---|
| r-devel-linux-x86_64-debian-clang | 1.0.1 | 1.73 | 23.27 | 25.00 | NOTE | |
| r-devel-linux-x86_64-debian-gcc | 1.0.1 | 1.45 | 19.45 | 20.90 | NOTE | |
| r-devel-linux-x86_64-fedora-clang | 1.0.1 | 36.15 | NOTE | |||
| r-devel-linux-x86_64-fedora-gcc | 1.0.1 | 35.90 | NOTE | |||
| r-devel-windows-x86_64 | 1.0.1 | 5.00 | 40.00 | 45.00 | NOTE | |
| r-patched-linux-x86_64 | 1.0.1 | 1.90 | 20.92 | 22.82 | NOTE | |
| r-release-linux-x86_64 | 1.0.1 | 1.67 | 20.70 | 22.37 | NOTE | |
| r-release-macos-arm64 | 1.0.1 | 1.00 | 13.00 | 14.00 | NOTE | |
| r-release-macos-x86_64 | 1.0.1 | 2.00 | 21.00 | 23.00 | NOTE | |
| r-release-windows-x86_64 | 1.0.1 | 2.00 | 46.00 | 48.00 | NOTE | |
| r-oldrel-macos-arm64 | 1.0.1 | 1.00 | 14.00 | 15.00 | NOTE | |
| r-oldrel-macos-x86_64 | 1.0.1 | 1.00 | 22.00 | 23.00 | NOTE | |
| r-oldrel-windows-x86_64 | 1.0.1 | 3.00 | 45.00 | 48.00 | NOTE |
Version: 1.0.1
Check: Rd files
Result: NOTE
checkRd: (-1) recombinator.Rd:32-34: Lost braces in \enumerate; meant \describe ?
checkRd: (-1) recombinator.Rd:35-38: Lost braces in \enumerate; meant \describe ?
Flavors: r-devel-linux-x86_64-debian-clang, r-devel-linux-x86_64-debian-gcc, r-devel-linux-x86_64-fedora-clang, r-devel-linux-x86_64-fedora-gcc, r-devel-windows-x86_64, r-patched-linux-x86_64, r-release-linux-x86_64, r-release-macos-arm64, r-release-macos-x86_64, r-release-windows-x86_64, r-oldrel-macos-arm64, r-oldrel-macos-x86_64, r-oldrel-windows-x86_64
Version: 1.0.1
Check: LazyData
Result: NOTE
'LazyData' is specified without a 'data' directory
Flavors: r-oldrel-macos-arm64, r-oldrel-macos-x86_64, r-oldrel-windows-x86_64