Last updated on 2024-07-05 05:56:19 CEST.
Flavor | Version | Tinstall | Tcheck | Ttotal | Status | Flags |
---|---|---|---|---|---|---|
r-devel-linux-x86_64-debian-clang | 0.2-0 | 7.20 | 71.64 | 78.84 | OK | |
r-devel-linux-x86_64-debian-gcc | 0.2-0 | 6.19 | 54.53 | 60.72 | OK | |
r-devel-linux-x86_64-fedora-clang | 0.2-0 | 99.02 | NOTE | |||
r-devel-linux-x86_64-fedora-gcc | 0.2-0 | 97.98 | OK | |||
r-devel-windows-x86_64 | 0.2-0 | 8.00 | 71.00 | 79.00 | NOTE | |
r-patched-linux-x86_64 | 0.2-0 | 8.02 | 68.30 | 76.32 | OK | |
r-release-linux-x86_64 | 0.2-0 | 7.95 | 66.56 | 74.51 | OK | |
r-release-macos-arm64 | 0.2-0 | 34.00 | NOTE | |||
r-release-macos-x86_64 | 0.2-0 | 48.00 | NOTE | |||
r-release-windows-x86_64 | 0.2-0 | 8.00 | 71.00 | 79.00 | NOTE | |
r-oldrel-macos-arm64 | 0.2-0 | 35.00 | NOTE | |||
r-oldrel-macos-x86_64 | 0.2-0 | 58.00 | NOTE | |||
r-oldrel-windows-x86_64 | 0.2-0 | 7.00 | 84.00 | 91.00 | NOTE |
Version: 0.2-0
Check: installed package size
Result: NOTE
installed size is 9.1Mb
sub-directories of 1Mb or more:
data 9.0Mb
Flavors: r-devel-linux-x86_64-fedora-clang, r-devel-windows-x86_64, r-release-macos-arm64, r-release-macos-x86_64, r-release-windows-x86_64, r-oldrel-macos-arm64, r-oldrel-macos-x86_64, r-oldrel-windows-x86_64