Last updated on 2025-11-16 04:48:50 CET.
| Flavor | Version | Tinstall | Tcheck | Ttotal | Status | Flags |
|---|---|---|---|---|---|---|
| r-devel-linux-x86_64-debian-clang | 2.1.2 | 40.64 | 49.08 | 89.72 | OK | |
| r-devel-linux-x86_64-debian-gcc | 2.1.2 | 30.73 | 35.82 | 66.55 | OK | |
| r-devel-linux-x86_64-fedora-clang | 2.1.2 | 84.00 | 72.00 | 156.00 | OK | |
| r-devel-linux-x86_64-fedora-gcc | 2.1.2 | 129.00 | 44.37 | 173.37 | OK | |
| r-devel-windows-x86_64 | 2.1.2 | 65.00 | 83.00 | 148.00 | OK | |
| r-patched-linux-x86_64 | 2.1.2 | 38.07 | 44.86 | 82.93 | OK | |
| r-release-linux-x86_64 | 2.1.2 | 39.21 | 44.99 | 84.20 | OK | |
| r-release-macos-arm64 | 2.1.2 | 17.00 | 30.00 | 47.00 | OK | |
| r-release-macos-x86_64 | 2.1.2 | 16.00 | 59.00 | 75.00 | OK | |
| r-release-windows-x86_64 | 2.1.2 | 68.00 | 84.00 | 152.00 | OK | |
| r-oldrel-macos-arm64 | 2.1.2 | 16.00 | 36.00 | 52.00 | NOTE | |
| r-oldrel-macos-x86_64 | 2.1.2 | 16.00 | 53.00 | 69.00 | NOTE | |
| r-oldrel-windows-x86_64 | 2.1.2 | 76.00 | 100.00 | 176.00 | OK |
Version: 2.1.2
Check: installed package size
Result: NOTE
installed size is 5.4Mb
sub-directories of 1Mb or more:
libs 4.5Mb
Flavors: r-oldrel-macos-arm64, r-oldrel-macos-x86_64