Last updated on 2024-08-25 05:49:31 CEST.
Flavor | Version | Tinstall | Tcheck | Ttotal | Status | Flags |
---|---|---|---|---|---|---|
r-devel-linux-x86_64-debian-clang | 1.0.7 | 88.74 | 72.83 | 161.57 | OK | |
r-devel-linux-x86_64-debian-gcc | 1.0.7 | 59.00 | 52.72 | 111.72 | OK | |
r-devel-linux-x86_64-fedora-clang | 1.0.7 | 293.88 | OK | |||
r-devel-linux-x86_64-fedora-gcc | 1.0.7 | 309.96 | OK | |||
r-devel-windows-x86_64 | 1.0.7 | 93.00 | 125.00 | 218.00 | OK | |
r-patched-linux-x86_64 | 1.0.7 | 81.71 | 68.94 | 150.65 | OK | |
r-release-linux-x86_64 | 1.0.7 | 79.00 | 69.22 | 148.22 | OK | |
r-release-macos-arm64 | 1.0.7 | 82.00 | NOTE | |||
r-release-macos-x86_64 | 1.0.7 | 101.00 | NOTE | |||
r-release-windows-x86_64 | 1.0.7 | 98.00 | 122.00 | 220.00 | OK | |
r-oldrel-macos-arm64 | 1.0.7 | 115.00 | NOTE | |||
r-oldrel-macos-x86_64 | 1.0.7 | 128.00 | NOTE | |||
r-oldrel-windows-x86_64 | 1.0.7 | 108.00 | 130.00 | 238.00 | OK |
Version: 1.0.7
Check: installed package size
Result: NOTE
installed size is 5.0Mb
sub-directories of 1Mb or more:
libs 4.3Mb
Flavors: r-release-macos-arm64, r-release-macos-x86_64, r-oldrel-macos-arm64, r-oldrel-macos-x86_64