CRAN Package Check Results for Package refer

Last updated on 2025-11-16 04:48:50 CET.

Flavor Version Tinstall Tcheck Ttotal Status Flags
r-devel-linux-x86_64-debian-clang 0.1.0 3.35 35.83 39.18 NOTE
r-devel-linux-x86_64-debian-gcc 0.1.0 2.49 28.36 30.85 NOTE
r-devel-linux-x86_64-fedora-clang 0.1.0 59.13 OK
r-devel-linux-x86_64-fedora-gcc 0.1.0 15.00 59.91 74.91 OK
r-devel-windows-x86_64 0.1.0 8.00 55.00 63.00 OK
r-patched-linux-x86_64 0.1.0 3.96 33.91 37.87 OK
r-release-linux-x86_64 0.1.0 3.32 34.33 37.65 OK
r-release-macos-arm64 0.1.0 1.00 41.00 42.00 OK
r-release-macos-x86_64 0.1.0 3.00 51.00 54.00 OK
r-release-windows-x86_64 0.1.0 5.00 54.00 59.00 OK
r-oldrel-macos-arm64 0.1.0 2.00 24.00 26.00 OK
r-oldrel-macos-x86_64 0.1.0 2.00 36.00 38.00 OK
r-oldrel-windows-x86_64 0.1.0 6.00 60.00 66.00 OK

Check Details

Version: 0.1.0
Check: CRAN incoming feasibility
Result: NOTE Maintainer: ‘Christopher Mann <cmann3@unl.edu>’ No Authors@R field in DESCRIPTION. Please add one, modifying Authors@R: person(given = "Christopher", family = "Mann", role = c("aut", "cre"), email = "cmann3@unl.edu") as necessary. Flavors: r-devel-linux-x86_64-debian-clang, r-devel-linux-x86_64-debian-gcc