CRAN Package Check Results for Package refuge

Last updated on 2025-11-16 04:48:50 CET.

Flavor Version Tinstall Tcheck Ttotal Status Flags
r-devel-linux-x86_64-debian-clang 0.3.3 4.01 40.42 44.43 OK
r-devel-linux-x86_64-debian-gcc 0.3.3 2.80 30.47 33.27 OK
r-devel-linux-x86_64-fedora-clang 0.3.3 66.38 OK
r-devel-linux-x86_64-fedora-gcc 0.3.3 14.00 68.51 82.51 OK
r-devel-windows-x86_64 0.3.3 7.00 55.00 62.00 OK
r-patched-linux-x86_64 0.3.3 3.68 37.91 41.59 OK
r-release-linux-x86_64 0.3.3 3.49 36.70 40.19 OK
r-release-macos-arm64 0.3.3 2.00 27.00 29.00 OK
r-release-macos-x86_64 0.3.3 3.00 48.00 51.00 OK
r-release-windows-x86_64 0.3.3 6.00 54.00 60.00 OK
r-oldrel-macos-arm64 0.3.3 2.00 28.00 30.00 NOTE
r-oldrel-macos-x86_64 0.3.3 3.00 40.00 43.00 NOTE
r-oldrel-windows-x86_64 0.3.3 8.00 63.00 71.00 NOTE

Check Details

Version: 0.3.3
Check: LazyData
Result: NOTE 'LazyData' is specified without a 'data' directory Flavors: r-oldrel-macos-arm64, r-oldrel-macos-x86_64, r-oldrel-windows-x86_64