Last updated on 2025-02-20 04:51:26 CET.
Flavor | Version | Tinstall | Tcheck | Ttotal | Status | Flags |
---|---|---|---|---|---|---|
r-devel-linux-x86_64-debian-clang | 0.1.8 | 8.06 | 76.02 | 84.08 | NOTE | |
r-devel-linux-x86_64-debian-gcc | 0.1.8 | 5.80 | 54.97 | 60.77 | NOTE | |
r-devel-linux-x86_64-fedora-clang | 0.1.8 | 130.55 | NOTE | |||
r-devel-linux-x86_64-fedora-gcc | 0.1.8 | 138.52 | NOTE | |||
r-devel-macos-arm64 | 0.1.8 | 52.00 | NOTE | |||
r-devel-macos-x86_64 | 0.1.8 | 87.00 | NOTE | |||
r-devel-windows-x86_64 | 0.1.8 | 12.00 | 97.00 | 109.00 | NOTE | |
r-patched-linux-x86_64 | 0.1.8 | 8.30 | 70.13 | 78.43 | NOTE | |
r-release-linux-x86_64 | 0.1.8 | 8.62 | 69.36 | 77.98 | NOTE | |
r-release-macos-arm64 | 0.1.8 | 49.00 | NOTE | |||
r-release-macos-x86_64 | 0.1.8 | 82.00 | NOTE | |||
r-release-windows-x86_64 | 0.1.8 | 11.00 | 99.00 | 110.00 | NOTE | |
r-oldrel-macos-arm64 | 0.1.8 | 55.00 | OK | |||
r-oldrel-macos-x86_64 | 0.1.8 | 86.00 | OK | |||
r-oldrel-windows-x86_64 | 0.1.8 | 16.00 | 121.00 | 137.00 | OK |
Version: 0.1.8
Check: Rd files
Result: NOTE
checkRd: (-1) impute_down_nuts.Rd:21: Lost braces
21 | NUTS typologies, defaults to code{"geo_var".}}
| ^
checkRd: (-1) validate_data_frame.Rd:19: Lost braces
19 | NUTS typologies, defaults to code{"geo_var".}}
| ^
Flavors: r-devel-linux-x86_64-debian-clang, r-devel-linux-x86_64-debian-gcc, r-devel-linux-x86_64-fedora-clang, r-devel-linux-x86_64-fedora-gcc, r-devel-macos-arm64, r-devel-macos-x86_64, r-devel-windows-x86_64, r-patched-linux-x86_64, r-release-linux-x86_64, r-release-macos-arm64, r-release-macos-x86_64, r-release-windows-x86_64