Last updated on 2025-02-21 04:52:02 CET.
Flavor | Version | Tinstall | Tcheck | Ttotal | Status | Flags |
---|---|---|---|---|---|---|
r-devel-linux-x86_64-debian-clang | 1.3.0 | 40.42 | 55.31 | 95.73 | OK | |
r-devel-linux-x86_64-debian-gcc | 1.3.0 | 32.39 | 37.79 | 70.18 | OK | |
r-devel-linux-x86_64-fedora-clang | 1.3.0 | 159.38 | OK | |||
r-devel-linux-x86_64-fedora-gcc | 1.3.0 | 171.79 | OK | |||
r-devel-macos-arm64 | 1.3.0 | 38.00 | OK | |||
r-devel-macos-x86_64 | 1.3.0 | 106.00 | OK | |||
r-devel-windows-x86_64 | 1.3.0 | 45.00 | 91.00 | 136.00 | OK | |
r-patched-linux-x86_64 | 1.3.0 | 45.51 | 51.04 | 96.55 | OK | |
r-release-linux-x86_64 | 1.3.0 | 39.99 | 50.57 | 90.56 | OK | |
r-release-macos-arm64 | 1.3.0 | 37.00 | NOTE | |||
r-release-macos-x86_64 | 1.3.0 | 62.00 | NOTE | |||
r-release-windows-x86_64 | 1.3.0 | 44.00 | 90.00 | 134.00 | OK | |
r-oldrel-macos-arm64 | 1.3.0 | 55.00 | NOTE | |||
r-oldrel-macos-x86_64 | 1.3.0 | 122.00 | NOTE | |||
r-oldrel-windows-x86_64 | 1.3.0 | 54.00 | 112.00 | 166.00 | OK |
Version: 1.3.0
Check: installed package size
Result: NOTE
installed size is 6.2Mb
sub-directories of 1Mb or more:
libs 6.0Mb
Flavors: r-release-macos-arm64, r-release-macos-x86_64, r-oldrel-macos-arm64, r-oldrel-macos-x86_64